{"id":9789,"date":"2024-11-14T11:57:08","date_gmt":"2024-11-14T15:57:08","guid":{"rendered":"https:\/\/funerariaconceptochile.cl\/?post_type=product&#038;p=9789"},"modified":"2025-08-09T14:03:08","modified_gmt":"2025-08-09T18:03:08","slug":"maceta-decorativa-de-resina-clasica-en-manos-de-dios","status":"publish","type":"product","link":"https:\/\/funerariaconceptochile.cl\/es\/product\/maceta-decorativa-de-resina-clasica-en-manos-de-dios\/","title":{"rendered":"Maceta decorativa de resina cl\u00e1sica &#8216;En manos de Dios&#8217;"},"content":{"rendered":"<p>Maceta decorativa de resina cl\u00e1sica &#8216;En manos de Dios&#8217; con soporte para el suelo &#8211; Estaca de jard\u00edn tem\u00e1tica familiar para uso en exteriores, ideal para el D\u00eda de la Madre y decoraci\u00f3n de jard\u00edn conmemorativo, no se requiere electricidad ni bater\u00eda<\/p>","protected":false},"excerpt":{"rendered":"<p>Maceta decorativa de resina cl\u00e1sica &#8216;En manos de Dios&#8217; con soporte para el suelo &#8211; Estaca de jard\u00edn tem\u00e1tica familiar para uso en exteriores, ideal para el D\u00eda de la Madre y decoraci\u00f3n de jard\u00edn conmemorativo, no se requiere electricidad ni bater\u00eda.<\/p>","protected":false},"featured_media":9790,"comment_status":"open","ping_status":"closed","template":"","meta":[],"product_brand":[],"product_cat":[73],"product_tag":[],"class_list":{"0":"post-9789","1":"product","2":"type-product","3":"status-publish","4":"has-post-thumbnail","6":"product_cat-accesorios-funerarios","8":"first","9":"instock","10":"shipping-taxable","11":"purchasable","12":"product-type-simple"},"yoast_head":"<!-- This site is optimized with the Yoast SEO plugin v27.5 - https:\/\/yoast.com\/product\/yoast-seo-wordpress\/ -->\n<title>Maceta decorativa de resina cl\u00e1sica &#039;En manos de Dios&#039; - Funeraria Concepto<\/title>\n<meta name=\"robots\" content=\"index, follow, max-snippet:-1, max-image-preview:large, max-video-preview:-1\" \/>\n<link rel=\"canonical\" href=\"https:\/\/funerariaconceptochile.cl\/es\/product\/maceta-decorativa-de-resina-clasica-en-manos-de-dios\/\" \/>\n<meta property=\"og:locale\" content=\"es_ES\" \/>\n<meta property=\"og:type\" content=\"article\" \/>\n<meta property=\"og:title\" content=\"Maceta decorativa de resina cl\u00e1sica &#039;En manos de Dios&#039; - Funeraria Concepto\" \/>\n<meta property=\"og:description\" content=\"Maceta decorativa de resina cl\u00e1sica &#039;En manos de Dios&#039; con soporte para el suelo - Estaca de jard\u00edn tem\u00e1tica familiar para uso en exteriores, ideal para el D\u00eda de la Madre y decoraci\u00f3n de jard\u00edn conmemorativo, no se requiere electricidad ni bater\u00eda.\" \/>\n<meta property=\"og:url\" content=\"https:\/\/funerariaconceptochile.cl\/es\/product\/maceta-decorativa-de-resina-clasica-en-manos-de-dios\/\" \/>\n<meta property=\"og:site_name\" content=\"Funeraria Concepto\" \/>\n<meta property=\"article:modified_time\" content=\"2025-08-09T18:03:08+00:00\" \/>\n<meta property=\"og:image\" content=\"https:\/\/funerariaconceptochile.cl\/wp-content\/uploads\/2024\/11\/219.-Maceta-decorativa-de-resina-clasica-En-manos-de-Dios.png\" \/>\n\t<meta property=\"og:image:width\" content=\"719\" \/>\n\t<meta property=\"og:image:height\" content=\"728\" \/>\n\t<meta property=\"og:image:type\" content=\"image\/png\" \/>\n<meta name=\"twitter:card\" content=\"summary_large_image\" \/>\n<meta name=\"twitter:label1\" content=\"Tiempo de lectura\" \/>\n\t<meta name=\"twitter:data1\" content=\"1 minuto\" \/>\n<script type=\"application\/ld+json\" class=\"yoast-schema-graph\">{\"@context\":\"https:\\\/\\\/schema.org\",\"@graph\":[{\"@type\":\"WebPage\",\"@id\":\"https:\\\/\\\/funerariaconceptochile.cl\\\/product\\\/maceta-decorativa-de-resina-clasica-en-manos-de-dios\\\/\",\"url\":\"https:\\\/\\\/funerariaconceptochile.cl\\\/product\\\/maceta-decorativa-de-resina-clasica-en-manos-de-dios\\\/\",\"name\":\"Maceta decorativa de resina cl\u00e1sica 'En manos de Dios' - Funeraria Concepto\",\"isPartOf\":{\"@id\":\"https:\\\/\\\/funerariaconceptochile.cl\\\/#website\"},\"primaryImageOfPage\":{\"@id\":\"https:\\\/\\\/funerariaconceptochile.cl\\\/product\\\/maceta-decorativa-de-resina-clasica-en-manos-de-dios\\\/#primaryimage\"},\"image\":{\"@id\":\"https:\\\/\\\/funerariaconceptochile.cl\\\/product\\\/maceta-decorativa-de-resina-clasica-en-manos-de-dios\\\/#primaryimage\"},\"thumbnailUrl\":\"https:\\\/\\\/funerariaconceptochile.cl\\\/wp-content\\\/uploads\\\/2024\\\/11\\\/219.-Maceta-decorativa-de-resina-clasica-En-manos-de-Dios.png\",\"datePublished\":\"2024-11-14T15:57:08+00:00\",\"dateModified\":\"2025-08-09T18:03:08+00:00\",\"breadcrumb\":{\"@id\":\"https:\\\/\\\/funerariaconceptochile.cl\\\/product\\\/maceta-decorativa-de-resina-clasica-en-manos-de-dios\\\/#breadcrumb\"},\"inLanguage\":\"es\",\"potentialAction\":[{\"@type\":\"ReadAction\",\"target\":[\"https:\\\/\\\/funerariaconceptochile.cl\\\/product\\\/maceta-decorativa-de-resina-clasica-en-manos-de-dios\\\/\"]}]},{\"@type\":\"ImageObject\",\"inLanguage\":\"es\",\"@id\":\"https:\\\/\\\/funerariaconceptochile.cl\\\/product\\\/maceta-decorativa-de-resina-clasica-en-manos-de-dios\\\/#primaryimage\",\"url\":\"https:\\\/\\\/funerariaconceptochile.cl\\\/wp-content\\\/uploads\\\/2024\\\/11\\\/219.-Maceta-decorativa-de-resina-clasica-En-manos-de-Dios.png\",\"contentUrl\":\"https:\\\/\\\/funerariaconceptochile.cl\\\/wp-content\\\/uploads\\\/2024\\\/11\\\/219.-Maceta-decorativa-de-resina-clasica-En-manos-de-Dios.png\",\"width\":719,\"height\":728},{\"@type\":\"BreadcrumbList\",\"@id\":\"https:\\\/\\\/funerariaconceptochile.cl\\\/product\\\/maceta-decorativa-de-resina-clasica-en-manos-de-dios\\\/#breadcrumb\",\"itemListElement\":[{\"@type\":\"ListItem\",\"position\":1,\"name\":\"Portada\",\"item\":\"https:\\\/\\\/funerariaconceptochile.cl\\\/\"},{\"@type\":\"ListItem\",\"position\":2,\"name\":\"Accesorios\",\"item\":\"https:\\\/\\\/funerariaconceptochile.cl\\\/shop\\\/\"},{\"@type\":\"ListItem\",\"position\":3,\"name\":\"Maceta decorativa de resina cl\u00e1sica &#8216;En manos de Dios&#8217;\"}]},{\"@type\":\"WebSite\",\"@id\":\"https:\\\/\\\/funerariaconceptochile.cl\\\/#website\",\"url\":\"https:\\\/\\\/funerariaconceptochile.cl\\\/\",\"name\":\"Funeraria Concepto\",\"description\":\"\",\"potentialAction\":[{\"@type\":\"SearchAction\",\"target\":{\"@type\":\"EntryPoint\",\"urlTemplate\":\"https:\\\/\\\/funerariaconceptochile.cl\\\/?s={search_term_string}\"},\"query-input\":{\"@type\":\"PropertyValueSpecification\",\"valueRequired\":true,\"valueName\":\"search_term_string\"}}],\"inLanguage\":\"es\"}]}<\/script>\n<!-- \/ Yoast SEO plugin. -->","yoast_head_json":{"title":"Maceta decorativa de resina cl\u00e1sica 'En manos de Dios' - Funeraria Concepto","robots":{"index":"index","follow":"follow","max-snippet":"max-snippet:-1","max-image-preview":"max-image-preview:large","max-video-preview":"max-video-preview:-1"},"canonical":"https:\/\/funerariaconceptochile.cl\/es\/product\/maceta-decorativa-de-resina-clasica-en-manos-de-dios\/","og_locale":"es_ES","og_type":"article","og_title":"Maceta decorativa de resina cl\u00e1sica 'En manos de Dios' - Funeraria Concepto","og_description":"Maceta decorativa de resina cl\u00e1sica 'En manos de Dios' con soporte para el suelo - Estaca de jard\u00edn tem\u00e1tica familiar para uso en exteriores, ideal para el D\u00eda de la Madre y decoraci\u00f3n de jard\u00edn conmemorativo, no se requiere electricidad ni bater\u00eda.","og_url":"https:\/\/funerariaconceptochile.cl\/es\/product\/maceta-decorativa-de-resina-clasica-en-manos-de-dios\/","og_site_name":"Funeraria Concepto","article_modified_time":"2025-08-09T18:03:08+00:00","og_image":[{"width":719,"height":728,"url":"https:\/\/funerariaconceptochile.cl\/wp-content\/uploads\/2024\/11\/219.-Maceta-decorativa-de-resina-clasica-En-manos-de-Dios.png","type":"image\/png"}],"twitter_card":"summary_large_image","twitter_misc":{"Tiempo de lectura":"1 minuto"},"schema":{"@context":"https:\/\/schema.org","@graph":[{"@type":"WebPage","@id":"https:\/\/funerariaconceptochile.cl\/product\/maceta-decorativa-de-resina-clasica-en-manos-de-dios\/","url":"https:\/\/funerariaconceptochile.cl\/product\/maceta-decorativa-de-resina-clasica-en-manos-de-dios\/","name":"Maceta decorativa de resina cl\u00e1sica 'En manos de Dios' - Funeraria Concepto","isPartOf":{"@id":"https:\/\/funerariaconceptochile.cl\/#website"},"primaryImageOfPage":{"@id":"https:\/\/funerariaconceptochile.cl\/product\/maceta-decorativa-de-resina-clasica-en-manos-de-dios\/#primaryimage"},"image":{"@id":"https:\/\/funerariaconceptochile.cl\/product\/maceta-decorativa-de-resina-clasica-en-manos-de-dios\/#primaryimage"},"thumbnailUrl":"https:\/\/funerariaconceptochile.cl\/wp-content\/uploads\/2024\/11\/219.-Maceta-decorativa-de-resina-clasica-En-manos-de-Dios.png","datePublished":"2024-11-14T15:57:08+00:00","dateModified":"2025-08-09T18:03:08+00:00","breadcrumb":{"@id":"https:\/\/funerariaconceptochile.cl\/product\/maceta-decorativa-de-resina-clasica-en-manos-de-dios\/#breadcrumb"},"inLanguage":"es","potentialAction":[{"@type":"ReadAction","target":["https:\/\/funerariaconceptochile.cl\/product\/maceta-decorativa-de-resina-clasica-en-manos-de-dios\/"]}]},{"@type":"ImageObject","inLanguage":"es","@id":"https:\/\/funerariaconceptochile.cl\/product\/maceta-decorativa-de-resina-clasica-en-manos-de-dios\/#primaryimage","url":"https:\/\/funerariaconceptochile.cl\/wp-content\/uploads\/2024\/11\/219.-Maceta-decorativa-de-resina-clasica-En-manos-de-Dios.png","contentUrl":"https:\/\/funerariaconceptochile.cl\/wp-content\/uploads\/2024\/11\/219.-Maceta-decorativa-de-resina-clasica-En-manos-de-Dios.png","width":719,"height":728},{"@type":"BreadcrumbList","@id":"https:\/\/funerariaconceptochile.cl\/product\/maceta-decorativa-de-resina-clasica-en-manos-de-dios\/#breadcrumb","itemListElement":[{"@type":"ListItem","position":1,"name":"Portada","item":"https:\/\/funerariaconceptochile.cl\/"},{"@type":"ListItem","position":2,"name":"Accesorios","item":"https:\/\/funerariaconceptochile.cl\/shop\/"},{"@type":"ListItem","position":3,"name":"Maceta decorativa de resina cl\u00e1sica &#8216;En manos de Dios&#8217;"}]},{"@type":"WebSite","@id":"https:\/\/funerariaconceptochile.cl\/#website","url":"https:\/\/funerariaconceptochile.cl\/","name":"Funeraria Concepto","description":"","potentialAction":[{"@type":"SearchAction","target":{"@type":"EntryPoint","urlTemplate":"https:\/\/funerariaconceptochile.cl\/?s={search_term_string}"},"query-input":{"@type":"PropertyValueSpecification","valueRequired":true,"valueName":"search_term_string"}}],"inLanguage":"es"}]}},"_links":{"self":[{"href":"https:\/\/funerariaconceptochile.cl\/es\/wp-json\/wp\/v2\/product\/9789","targetHints":{"allow":["GET"]}}],"collection":[{"href":"https:\/\/funerariaconceptochile.cl\/es\/wp-json\/wp\/v2\/product"}],"about":[{"href":"https:\/\/funerariaconceptochile.cl\/es\/wp-json\/wp\/v2\/types\/product"}],"replies":[{"embeddable":true,"href":"https:\/\/funerariaconceptochile.cl\/es\/wp-json\/wp\/v2\/comments?post=9789"}],"wp:featuredmedia":[{"embeddable":true,"href":"https:\/\/funerariaconceptochile.cl\/es\/wp-json\/wp\/v2\/media\/9790"}],"wp:attachment":[{"href":"https:\/\/funerariaconceptochile.cl\/es\/wp-json\/wp\/v2\/media?parent=9789"}],"wp:term":[{"taxonomy":"product_brand","embeddable":true,"href":"https:\/\/funerariaconceptochile.cl\/es\/wp-json\/wp\/v2\/product_brand?post=9789"},{"taxonomy":"product_cat","embeddable":true,"href":"https:\/\/funerariaconceptochile.cl\/es\/wp-json\/wp\/v2\/product_cat?post=9789"},{"taxonomy":"product_tag","embeddable":true,"href":"https:\/\/funerariaconceptochile.cl\/es\/wp-json\/wp\/v2\/product_tag?post=9789"}],"curies":[{"name":"wp","href":"https:\/\/api.w.org\/{rel}","templated":true}]}}

Maceta decorativa de resina clásica &#8216;En manos de Dios&#8217;

<p>Maceta decorativa de resina clásica &#8216;En manos de Dios&#8217; con soporte para el suelo &#8211; Estaca de jardín temática familiar para uso en exteriores, ideal para el Día de la Madre y decoración de jardín conmemorativo, no se requiere electricidad ni batería</p>

<p>Maceta decorativa de resina clásica &#8216;En manos de Dios&#8217; con soporte para el suelo &#8211; Estaca de jardín temática familiar para uso en exteriores, ideal para el Día de la Madre y decoración de jardín conmemorativo, no se requiere electricidad ni batería.</p>

<!-- This site is optimized with the Yoast SEO plugin v27.5 - https://yoast.com/product/yoast-seo-wordpress/ -->
<title>Maceta decorativa de resina clásica &#039;En manos de Dios&#039; - Funeraria Concepto</title>
<meta name="robots" content="index, follow, max-snippet:-1, max-image-preview:large, max-video-preview:-1" />
<link rel="canonical" href="https://funerariaconceptochile.cl/es/product/maceta-decorativa-de-resina-clasica-en-manos-de-dios/" />
<meta property="og:locale" content="es_ES" />
<meta property="og:type" content="article" />
<meta property="og:title" content="Maceta decorativa de resina clásica &#039;En manos de Dios&#039; - Funeraria Concepto" />
<meta property="og:description" content="Maceta decorativa de resina clásica &#039;En manos de Dios&#039; con soporte para el suelo - Estaca de jardín temática familiar para uso en exteriores, ideal para el Día de la Madre y decoración de jardín conmemorativo, no se requiere electricidad ni batería." />
<meta property="og:url" content="https://funerariaconceptochile.cl/es/product/maceta-decorativa-de-resina-clasica-en-manos-de-dios/" />
<meta property="og:site_name" content="Funeraria Concepto" />
<meta property="article:modified_time" content="2025-08-09T18:03:08+00:00" />
<meta property="og:image" content="https://funerariaconceptochile.cl/wp-content/uploads/2024/11/219.-Maceta-decorativa-de-resina-clasica-En-manos-de-Dios.png" />
	<meta property="og:image:width" content="719" />
	<meta property="og:image:height" content="728" />
	<meta property="og:image:type" content="image/png" />
<meta name="twitter:card" content="summary_large_image" />
<meta name="twitter:label1" content="Tiempo de lectura" />
	<meta name="twitter:data1" content="1 minuto" />
<script type="application/ld+json" class="yoast-schema-graph">{"@context":"https:\/\/schema.org","@graph":[{"@type":"WebPage","@id":"https:\/\/funerariaconceptochile.cl\/product\/maceta-decorativa-de-resina-clasica-en-manos-de-dios\/","url":"https:\/\/funerariaconceptochile.cl\/product\/maceta-decorativa-de-resina-clasica-en-manos-de-dios\/","name":"Maceta decorativa de resina clásica 'En manos de Dios' - Funeraria Concepto","isPartOf":{"@id":"https:\/\/funerariaconceptochile.cl\/#website"},"primaryImageOfPage":{"@id":"https:\/\/funerariaconceptochile.cl\/product\/maceta-decorativa-de-resina-clasica-en-manos-de-dios\/#primaryimage"},"image":{"@id":"https:\/\/funerariaconceptochile.cl\/product\/maceta-decorativa-de-resina-clasica-en-manos-de-dios\/#primaryimage"},"thumbnailUrl":"https:\/\/funerariaconceptochile.cl\/wp-content\/uploads\/2024\/11\/219.-Maceta-decorativa-de-resina-clasica-En-manos-de-Dios.png","datePublished":"2024-11-14T15:57:08+00:00","dateModified":"2025-08-09T18:03:08+00:00","breadcrumb":{"@id":"https:\/\/funerariaconceptochile.cl\/product\/maceta-decorativa-de-resina-clasica-en-manos-de-dios\/#breadcrumb"},"inLanguage":"es","potentialAction":[{"@type":"ReadAction","target":["https:\/\/funerariaconceptochile.cl\/product\/maceta-decorativa-de-resina-clasica-en-manos-de-dios\/"]}]},{"@type":"ImageObject","inLanguage":"es","@id":"https:\/\/funerariaconceptochile.cl\/product\/maceta-decorativa-de-resina-clasica-en-manos-de-dios\/#primaryimage","url":"https:\/\/funerariaconceptochile.cl\/wp-content\/uploads\/2024\/11\/219.-Maceta-decorativa-de-resina-clasica-En-manos-de-Dios.png","contentUrl":"https:\/\/funerariaconceptochile.cl\/wp-content\/uploads\/2024\/11\/219.-Maceta-decorativa-de-resina-clasica-En-manos-de-Dios.png","width":719,"height":728},{"@type":"BreadcrumbList","@id":"https:\/\/funerariaconceptochile.cl\/product\/maceta-decorativa-de-resina-clasica-en-manos-de-dios\/#breadcrumb","itemListElement":[{"@type":"ListItem","position":1,"name":"Portada","item":"https:\/\/funerariaconceptochile.cl\/"},{"@type":"ListItem","position":2,"name":"Accesorios","item":"https:\/\/funerariaconceptochile.cl\/shop\/"},{"@type":"ListItem","position":3,"name":"Maceta decorativa de resina clásica &#8216;En manos de Dios&#8217;"}]},{"@type":"WebSite","@id":"https:\/\/funerariaconceptochile.cl\/#website","url":"https:\/\/funerariaconceptochile.cl\/","name":"Funeraria Concepto","description":"","potentialAction":[{"@type":"SearchAction","target":{"@type":"EntryPoint","urlTemplate":"https:\/\/funerariaconceptochile.cl\/?s={search_term_string}"},"query-input":{"@type":"PropertyValueSpecification","valueRequired":true,"valueName":"search_term_string"}}],"inLanguage":"es"}]}</script>
<!-- / Yoast SEO plugin. -->

Maceta decorativa de resina clásica 'En manos de Dios' - Funeraria Concepto

Maceta decorativa de resina clásica 'En manos de Dios' con soporte para el suelo - Estaca de jardín temática familiar para uso en exteriores, ideal para el Día de la Madre y decoración de jardín conmemorativo, no se requiere electricidad ni batería.
