{"id":9769,"date":"2024-11-14T11:48:31","date_gmt":"2024-11-14T15:48:31","guid":{"rendered":"https:\/\/funerariaconceptochile.cl\/?post_type=product&#038;p=9769"},"modified":"2025-08-09T14:01:19","modified_gmt":"2025-08-09T18:01:19","slug":"vasija-conmemorativa-de-alas-de-angel-con-estaca-para-suelo","status":"publish","type":"product","link":"https:\/\/funerariaconceptochile.cl\/es\/product\/vasija-conmemorativa-de-alas-de-angel-con-estaca-para-suelo\/","title":{"rendered":"Vasija conmemorativa de alas de \u00e1ngel con estaca para suelo"},"content":{"rendered":"<p>Ubicaci\u00f3n de la instalaci\u00f3n: Apostar<br \/>\nMaterial: Resina<br \/>\nFuente de alimentaci\u00f3n: Uso sin electricidad<br \/>\nCaracter\u00edsticas de la bater\u00eda: Sin bater\u00eda<\/p>","protected":false},"excerpt":{"rendered":"<p>Vasija conmemorativa de alas de \u00e1ngel con estaca para suelo &#8211; Decoraci\u00f3n al aire libre para cementerio, jard\u00edn, c\u00e9sped, patio &#8211; Ideal para flores frescas\/artificiales &#8211; 24cm x 9.45pulgadas x 21cm x 10.5pulgadas x 4.13pulgadas<\/p>","protected":false},"featured_media":9772,"comment_status":"open","ping_status":"closed","template":"","meta":[],"product_brand":[],"product_cat":[73],"product_tag":[],"class_list":{"0":"post-9769","1":"product","2":"type-product","3":"status-publish","4":"has-post-thumbnail","6":"product_cat-accesorios-funerarios","8":"first","9":"instock","10":"shipping-taxable","11":"purchasable","12":"product-type-simple"},"yoast_head":"<!-- This site is optimized with the Yoast SEO plugin v27.5 - https:\/\/yoast.com\/product\/yoast-seo-wordpress\/ -->\n<title>Vasija conmemorativa de alas de \u00e1ngel con estaca para suelo - Funeraria Concepto<\/title>\n<meta name=\"robots\" content=\"index, follow, max-snippet:-1, max-image-preview:large, max-video-preview:-1\" \/>\n<link rel=\"canonical\" href=\"https:\/\/funerariaconceptochile.cl\/es\/product\/vasija-conmemorativa-de-alas-de-angel-con-estaca-para-suelo\/\" \/>\n<meta property=\"og:locale\" content=\"es_ES\" \/>\n<meta property=\"og:type\" content=\"article\" \/>\n<meta property=\"og:title\" content=\"Vasija conmemorativa de alas de \u00e1ngel con estaca para suelo - Funeraria Concepto\" \/>\n<meta property=\"og:description\" content=\"Vasija conmemorativa de alas de \u00e1ngel con estaca para suelo - Decoraci\u00f3n al aire libre para cementerio, jard\u00edn, c\u00e9sped, patio - Ideal para flores frescas\/artificiales - 24cm x 9.45pulgadas x 21cm x 10.5pulgadas x 4.13pulgadas\" \/>\n<meta property=\"og:url\" content=\"https:\/\/funerariaconceptochile.cl\/es\/product\/vasija-conmemorativa-de-alas-de-angel-con-estaca-para-suelo\/\" \/>\n<meta property=\"og:site_name\" content=\"Funeraria Concepto\" \/>\n<meta property=\"article:modified_time\" content=\"2025-08-09T18:01:19+00:00\" \/>\n<meta property=\"og:image\" content=\"https:\/\/funerariaconceptochile.cl\/wp-content\/uploads\/2024\/11\/217.-Vasija-conmemorativa-de-alas-de-angel-con-estaca-para-suelo.png\" \/>\n\t<meta property=\"og:image:width\" content=\"657\" \/>\n\t<meta property=\"og:image:height\" content=\"643\" \/>\n\t<meta property=\"og:image:type\" content=\"image\/png\" \/>\n<meta name=\"twitter:card\" content=\"summary_large_image\" \/>\n<meta name=\"twitter:label1\" content=\"Tiempo de lectura\" \/>\n\t<meta name=\"twitter:data1\" content=\"1 minuto\" \/>\n<script type=\"application\/ld+json\" class=\"yoast-schema-graph\">{\"@context\":\"https:\\\/\\\/schema.org\",\"@graph\":[{\"@type\":\"WebPage\",\"@id\":\"https:\\\/\\\/funerariaconceptochile.cl\\\/product\\\/vasija-conmemorativa-de-alas-de-angel-con-estaca-para-suelo\\\/\",\"url\":\"https:\\\/\\\/funerariaconceptochile.cl\\\/product\\\/vasija-conmemorativa-de-alas-de-angel-con-estaca-para-suelo\\\/\",\"name\":\"Vasija conmemorativa de alas de \u00e1ngel con estaca para suelo - Funeraria Concepto\",\"isPartOf\":{\"@id\":\"https:\\\/\\\/funerariaconceptochile.cl\\\/#website\"},\"primaryImageOfPage\":{\"@id\":\"https:\\\/\\\/funerariaconceptochile.cl\\\/product\\\/vasija-conmemorativa-de-alas-de-angel-con-estaca-para-suelo\\\/#primaryimage\"},\"image\":{\"@id\":\"https:\\\/\\\/funerariaconceptochile.cl\\\/product\\\/vasija-conmemorativa-de-alas-de-angel-con-estaca-para-suelo\\\/#primaryimage\"},\"thumbnailUrl\":\"https:\\\/\\\/funerariaconceptochile.cl\\\/wp-content\\\/uploads\\\/2024\\\/11\\\/217.-Vasija-conmemorativa-de-alas-de-angel-con-estaca-para-suelo.png\",\"datePublished\":\"2024-11-14T15:48:31+00:00\",\"dateModified\":\"2025-08-09T18:01:19+00:00\",\"breadcrumb\":{\"@id\":\"https:\\\/\\\/funerariaconceptochile.cl\\\/product\\\/vasija-conmemorativa-de-alas-de-angel-con-estaca-para-suelo\\\/#breadcrumb\"},\"inLanguage\":\"es\",\"potentialAction\":[{\"@type\":\"ReadAction\",\"target\":[\"https:\\\/\\\/funerariaconceptochile.cl\\\/product\\\/vasija-conmemorativa-de-alas-de-angel-con-estaca-para-suelo\\\/\"]}]},{\"@type\":\"ImageObject\",\"inLanguage\":\"es\",\"@id\":\"https:\\\/\\\/funerariaconceptochile.cl\\\/product\\\/vasija-conmemorativa-de-alas-de-angel-con-estaca-para-suelo\\\/#primaryimage\",\"url\":\"https:\\\/\\\/funerariaconceptochile.cl\\\/wp-content\\\/uploads\\\/2024\\\/11\\\/217.-Vasija-conmemorativa-de-alas-de-angel-con-estaca-para-suelo.png\",\"contentUrl\":\"https:\\\/\\\/funerariaconceptochile.cl\\\/wp-content\\\/uploads\\\/2024\\\/11\\\/217.-Vasija-conmemorativa-de-alas-de-angel-con-estaca-para-suelo.png\",\"width\":657,\"height\":643},{\"@type\":\"BreadcrumbList\",\"@id\":\"https:\\\/\\\/funerariaconceptochile.cl\\\/product\\\/vasija-conmemorativa-de-alas-de-angel-con-estaca-para-suelo\\\/#breadcrumb\",\"itemListElement\":[{\"@type\":\"ListItem\",\"position\":1,\"name\":\"Portada\",\"item\":\"https:\\\/\\\/funerariaconceptochile.cl\\\/\"},{\"@type\":\"ListItem\",\"position\":2,\"name\":\"Accesorios\",\"item\":\"https:\\\/\\\/funerariaconceptochile.cl\\\/tienda-accesorios-funerarios\\\/\"},{\"@type\":\"ListItem\",\"position\":3,\"name\":\"Vasija conmemorativa de alas de \u00e1ngel con estaca para suelo\"}]},{\"@type\":\"WebSite\",\"@id\":\"https:\\\/\\\/funerariaconceptochile.cl\\\/#website\",\"url\":\"https:\\\/\\\/funerariaconceptochile.cl\\\/\",\"name\":\"Funeraria Concepto\",\"description\":\"\",\"potentialAction\":[{\"@type\":\"SearchAction\",\"target\":{\"@type\":\"EntryPoint\",\"urlTemplate\":\"https:\\\/\\\/funerariaconceptochile.cl\\\/?s={search_term_string}\"},\"query-input\":{\"@type\":\"PropertyValueSpecification\",\"valueRequired\":true,\"valueName\":\"search_term_string\"}}],\"inLanguage\":\"es\"}]}<\/script>\n<!-- \/ Yoast SEO plugin. -->","yoast_head_json":{"title":"Vasija conmemorativa de alas de \u00e1ngel con estaca para suelo - Funeraria Concepto","robots":{"index":"index","follow":"follow","max-snippet":"max-snippet:-1","max-image-preview":"max-image-preview:large","max-video-preview":"max-video-preview:-1"},"canonical":"https:\/\/funerariaconceptochile.cl\/es\/product\/vasija-conmemorativa-de-alas-de-angel-con-estaca-para-suelo\/","og_locale":"es_ES","og_type":"article","og_title":"Vasija conmemorativa de alas de \u00e1ngel con estaca para suelo - Funeraria Concepto","og_description":"Vasija conmemorativa de alas de \u00e1ngel con estaca para suelo - Decoraci\u00f3n al aire libre para cementerio, jard\u00edn, c\u00e9sped, patio - Ideal para flores frescas\/artificiales - 24cm x 9.45pulgadas x 21cm x 10.5pulgadas x 4.13pulgadas","og_url":"https:\/\/funerariaconceptochile.cl\/es\/product\/vasija-conmemorativa-de-alas-de-angel-con-estaca-para-suelo\/","og_site_name":"Funeraria Concepto","article_modified_time":"2025-08-09T18:01:19+00:00","og_image":[{"width":657,"height":643,"url":"https:\/\/funerariaconceptochile.cl\/wp-content\/uploads\/2024\/11\/217.-Vasija-conmemorativa-de-alas-de-angel-con-estaca-para-suelo.png","type":"image\/png"}],"twitter_card":"summary_large_image","twitter_misc":{"Tiempo de lectura":"1 minuto"},"schema":{"@context":"https:\/\/schema.org","@graph":[{"@type":"WebPage","@id":"https:\/\/funerariaconceptochile.cl\/product\/vasija-conmemorativa-de-alas-de-angel-con-estaca-para-suelo\/","url":"https:\/\/funerariaconceptochile.cl\/product\/vasija-conmemorativa-de-alas-de-angel-con-estaca-para-suelo\/","name":"Vasija conmemorativa de alas de \u00e1ngel con estaca para suelo - Funeraria Concepto","isPartOf":{"@id":"https:\/\/funerariaconceptochile.cl\/#website"},"primaryImageOfPage":{"@id":"https:\/\/funerariaconceptochile.cl\/product\/vasija-conmemorativa-de-alas-de-angel-con-estaca-para-suelo\/#primaryimage"},"image":{"@id":"https:\/\/funerariaconceptochile.cl\/product\/vasija-conmemorativa-de-alas-de-angel-con-estaca-para-suelo\/#primaryimage"},"thumbnailUrl":"https:\/\/funerariaconceptochile.cl\/wp-content\/uploads\/2024\/11\/217.-Vasija-conmemorativa-de-alas-de-angel-con-estaca-para-suelo.png","datePublished":"2024-11-14T15:48:31+00:00","dateModified":"2025-08-09T18:01:19+00:00","breadcrumb":{"@id":"https:\/\/funerariaconceptochile.cl\/product\/vasija-conmemorativa-de-alas-de-angel-con-estaca-para-suelo\/#breadcrumb"},"inLanguage":"es","potentialAction":[{"@type":"ReadAction","target":["https:\/\/funerariaconceptochile.cl\/product\/vasija-conmemorativa-de-alas-de-angel-con-estaca-para-suelo\/"]}]},{"@type":"ImageObject","inLanguage":"es","@id":"https:\/\/funerariaconceptochile.cl\/product\/vasija-conmemorativa-de-alas-de-angel-con-estaca-para-suelo\/#primaryimage","url":"https:\/\/funerariaconceptochile.cl\/wp-content\/uploads\/2024\/11\/217.-Vasija-conmemorativa-de-alas-de-angel-con-estaca-para-suelo.png","contentUrl":"https:\/\/funerariaconceptochile.cl\/wp-content\/uploads\/2024\/11\/217.-Vasija-conmemorativa-de-alas-de-angel-con-estaca-para-suelo.png","width":657,"height":643},{"@type":"BreadcrumbList","@id":"https:\/\/funerariaconceptochile.cl\/product\/vasija-conmemorativa-de-alas-de-angel-con-estaca-para-suelo\/#breadcrumb","itemListElement":[{"@type":"ListItem","position":1,"name":"Portada","item":"https:\/\/funerariaconceptochile.cl\/"},{"@type":"ListItem","position":2,"name":"Accesorios","item":"https:\/\/funerariaconceptochile.cl\/tienda-accesorios-funerarios\/"},{"@type":"ListItem","position":3,"name":"Vasija conmemorativa de alas de \u00e1ngel con estaca para suelo"}]},{"@type":"WebSite","@id":"https:\/\/funerariaconceptochile.cl\/#website","url":"https:\/\/funerariaconceptochile.cl\/","name":"Funeraria Concepto","description":"","potentialAction":[{"@type":"SearchAction","target":{"@type":"EntryPoint","urlTemplate":"https:\/\/funerariaconceptochile.cl\/?s={search_term_string}"},"query-input":{"@type":"PropertyValueSpecification","valueRequired":true,"valueName":"search_term_string"}}],"inLanguage":"es"}]}},"_links":{"self":[{"href":"https:\/\/funerariaconceptochile.cl\/es\/wp-json\/wp\/v2\/product\/9769","targetHints":{"allow":["GET"]}}],"collection":[{"href":"https:\/\/funerariaconceptochile.cl\/es\/wp-json\/wp\/v2\/product"}],"about":[{"href":"https:\/\/funerariaconceptochile.cl\/es\/wp-json\/wp\/v2\/types\/product"}],"replies":[{"embeddable":true,"href":"https:\/\/funerariaconceptochile.cl\/es\/wp-json\/wp\/v2\/comments?post=9769"}],"wp:featuredmedia":[{"embeddable":true,"href":"https:\/\/funerariaconceptochile.cl\/es\/wp-json\/wp\/v2\/media\/9772"}],"wp:attachment":[{"href":"https:\/\/funerariaconceptochile.cl\/es\/wp-json\/wp\/v2\/media?parent=9769"}],"wp:term":[{"taxonomy":"product_brand","embeddable":true,"href":"https:\/\/funerariaconceptochile.cl\/es\/wp-json\/wp\/v2\/product_brand?post=9769"},{"taxonomy":"product_cat","embeddable":true,"href":"https:\/\/funerariaconceptochile.cl\/es\/wp-json\/wp\/v2\/product_cat?post=9769"},{"taxonomy":"product_tag","embeddable":true,"href":"https:\/\/funerariaconceptochile.cl\/es\/wp-json\/wp\/v2\/product_tag?post=9769"}],"curies":[{"name":"wp","href":"https:\/\/api.w.org\/{rel}","templated":true}]}}

Vasija conmemorativa de alas de ángel con estaca para suelo

<p>Ubicación de la instalación: Apostar<br />
Material: Resina<br />
Fuente de alimentación: Uso sin electricidad<br />
Características de la batería: Sin batería</p>

<p>Vasija conmemorativa de alas de ángel con estaca para suelo &#8211; Decoración al aire libre para cementerio, jardín, césped, patio &#8211; Ideal para flores frescas/artificiales &#8211; 24cm x 9.45pulgadas x 21cm x 10.5pulgadas x 4.13pulgadas</p>

<!-- This site is optimized with the Yoast SEO plugin v27.5 - https://yoast.com/product/yoast-seo-wordpress/ -->
<title>Vasija conmemorativa de alas de ángel con estaca para suelo - Funeraria Concepto</title>
<meta name="robots" content="index, follow, max-snippet:-1, max-image-preview:large, max-video-preview:-1" />
<link rel="canonical" href="https://funerariaconceptochile.cl/es/product/vasija-conmemorativa-de-alas-de-angel-con-estaca-para-suelo/" />
<meta property="og:locale" content="es_ES" />
<meta property="og:type" content="article" />
<meta property="og:title" content="Vasija conmemorativa de alas de ángel con estaca para suelo - Funeraria Concepto" />
<meta property="og:description" content="Vasija conmemorativa de alas de ángel con estaca para suelo - Decoración al aire libre para cementerio, jardín, césped, patio - Ideal para flores frescas/artificiales - 24cm x 9.45pulgadas x 21cm x 10.5pulgadas x 4.13pulgadas" />
<meta property="og:url" content="https://funerariaconceptochile.cl/es/product/vasija-conmemorativa-de-alas-de-angel-con-estaca-para-suelo/" />
<meta property="og:site_name" content="Funeraria Concepto" />
<meta property="article:modified_time" content="2025-08-09T18:01:19+00:00" />
<meta property="og:image" content="https://funerariaconceptochile.cl/wp-content/uploads/2024/11/217.-Vasija-conmemorativa-de-alas-de-angel-con-estaca-para-suelo.png" />
	<meta property="og:image:width" content="657" />
	<meta property="og:image:height" content="643" />
	<meta property="og:image:type" content="image/png" />
<meta name="twitter:card" content="summary_large_image" />
<meta name="twitter:label1" content="Tiempo de lectura" />
	<meta name="twitter:data1" content="1 minuto" />
<script type="application/ld+json" class="yoast-schema-graph">{"@context":"https:\/\/schema.org","@graph":[{"@type":"WebPage","@id":"https:\/\/funerariaconceptochile.cl\/product\/vasija-conmemorativa-de-alas-de-angel-con-estaca-para-suelo\/","url":"https:\/\/funerariaconceptochile.cl\/product\/vasija-conmemorativa-de-alas-de-angel-con-estaca-para-suelo\/","name":"Vasija conmemorativa de alas de ángel con estaca para suelo - Funeraria Concepto","isPartOf":{"@id":"https:\/\/funerariaconceptochile.cl\/#website"},"primaryImageOfPage":{"@id":"https:\/\/funerariaconceptochile.cl\/product\/vasija-conmemorativa-de-alas-de-angel-con-estaca-para-suelo\/#primaryimage"},"image":{"@id":"https:\/\/funerariaconceptochile.cl\/product\/vasija-conmemorativa-de-alas-de-angel-con-estaca-para-suelo\/#primaryimage"},"thumbnailUrl":"https:\/\/funerariaconceptochile.cl\/wp-content\/uploads\/2024\/11\/217.-Vasija-conmemorativa-de-alas-de-angel-con-estaca-para-suelo.png","datePublished":"2024-11-14T15:48:31+00:00","dateModified":"2025-08-09T18:01:19+00:00","breadcrumb":{"@id":"https:\/\/funerariaconceptochile.cl\/product\/vasija-conmemorativa-de-alas-de-angel-con-estaca-para-suelo\/#breadcrumb"},"inLanguage":"es","potentialAction":[{"@type":"ReadAction","target":["https:\/\/funerariaconceptochile.cl\/product\/vasija-conmemorativa-de-alas-de-angel-con-estaca-para-suelo\/"]}]},{"@type":"ImageObject","inLanguage":"es","@id":"https:\/\/funerariaconceptochile.cl\/product\/vasija-conmemorativa-de-alas-de-angel-con-estaca-para-suelo\/#primaryimage","url":"https:\/\/funerariaconceptochile.cl\/wp-content\/uploads\/2024\/11\/217.-Vasija-conmemorativa-de-alas-de-angel-con-estaca-para-suelo.png","contentUrl":"https:\/\/funerariaconceptochile.cl\/wp-content\/uploads\/2024\/11\/217.-Vasija-conmemorativa-de-alas-de-angel-con-estaca-para-suelo.png","width":657,"height":643},{"@type":"BreadcrumbList","@id":"https:\/\/funerariaconceptochile.cl\/product\/vasija-conmemorativa-de-alas-de-angel-con-estaca-para-suelo\/#breadcrumb","itemListElement":[{"@type":"ListItem","position":1,"name":"Portada","item":"https:\/\/funerariaconceptochile.cl\/"},{"@type":"ListItem","position":2,"name":"Accesorios","item":"https:\/\/funerariaconceptochile.cl\/tienda-accesorios-funerarios\/"},{"@type":"ListItem","position":3,"name":"Vasija conmemorativa de alas de ángel con estaca para suelo"}]},{"@type":"WebSite","@id":"https:\/\/funerariaconceptochile.cl\/#website","url":"https:\/\/funerariaconceptochile.cl\/","name":"Funeraria Concepto","description":"","potentialAction":[{"@type":"SearchAction","target":{"@type":"EntryPoint","urlTemplate":"https:\/\/funerariaconceptochile.cl\/?s={search_term_string}"},"query-input":{"@type":"PropertyValueSpecification","valueRequired":true,"valueName":"search_term_string"}}],"inLanguage":"es"}]}</script>
<!-- / Yoast SEO plugin. -->

Vasija conmemorativa de alas de ángel con estaca para suelo - Funeraria Concepto

Vasija conmemorativa de alas de ángel con estaca para suelo - Decoración al aire libre para cementerio, jardín, césped, patio - Ideal para flores frescas/artificiales - 24cm x 9.45pulgadas x 21cm x 10.5pulgadas x 4.13pulgadas
