{"id":9755,"date":"2024-11-14T11:09:28","date_gmt":"2024-11-14T15:09:28","guid":{"rendered":"https:\/\/funerariaconceptochile.cl\/?post_type=product&#038;p=9755"},"modified":"2025-08-09T13:55:48","modified_gmt":"2025-08-09T17:55:48","slug":"maceta-cuadrada-de-concreto-vintage","status":"publish","type":"product","link":"https:\/\/funerariaconceptochile.cl\/es\/product\/maceta-cuadrada-de-concreto-vintage\/","title":{"rendered":"Maceta cuadrada de concreto vintage"},"content":{"rendered":"<p>Material: Resina<br \/>\nTipo de ensamble: Otros tipos de instalaci\u00f3n<br \/>\nUso recomendado: Exterior<br \/>\nEstilo: Vintage<br \/>\nOcasi\u00f3n: Acci\u00f3n de gracias<br \/>\nFuente de alimentaci\u00f3n: Uso sin electricidad<br \/>\nCaracter\u00edsticas de la bater\u00eda: Sin bater\u00eda<\/p>","protected":false},"excerpt":{"rendered":"<p>Maceta cuadrada de concreto vintage con grabado &#8216;I&#8217;M GEDENKEN&#8217; &#8211; Perfecta para decoraci\u00f3n de jard\u00edn o cementerio<\/p>","protected":false},"featured_media":9756,"comment_status":"open","ping_status":"closed","template":"","meta":[],"product_brand":[],"product_cat":[73],"product_tag":[],"class_list":{"0":"post-9755","1":"product","2":"type-product","3":"status-publish","4":"has-post-thumbnail","6":"product_cat-accesorios-funerarios","8":"first","9":"instock","10":"shipping-taxable","11":"purchasable","12":"product-type-simple"},"yoast_head":"<!-- This site is optimized with the Yoast SEO plugin v27.5 - https:\/\/yoast.com\/product\/yoast-seo-wordpress\/ -->\n<title>Maceta cuadrada de concreto vintage - Funeraria Concepto<\/title>\n<meta name=\"robots\" content=\"index, follow, max-snippet:-1, max-image-preview:large, max-video-preview:-1\" \/>\n<link rel=\"canonical\" href=\"https:\/\/funerariaconceptochile.cl\/es\/product\/maceta-cuadrada-de-concreto-vintage\/\" \/>\n<meta property=\"og:locale\" content=\"es_ES\" \/>\n<meta property=\"og:type\" content=\"article\" \/>\n<meta property=\"og:title\" content=\"Maceta cuadrada de concreto vintage - Funeraria Concepto\" \/>\n<meta property=\"og:description\" content=\"Maceta cuadrada de concreto vintage con grabado &#039;I&#039;M GEDENKEN&#039; - Perfecta para decoraci\u00f3n de jard\u00edn o cementerio\" \/>\n<meta property=\"og:url\" content=\"https:\/\/funerariaconceptochile.cl\/es\/product\/maceta-cuadrada-de-concreto-vintage\/\" \/>\n<meta property=\"og:site_name\" content=\"Funeraria Concepto\" \/>\n<meta property=\"article:modified_time\" content=\"2025-08-09T17:55:48+00:00\" \/>\n<meta property=\"og:image\" content=\"https:\/\/funerariaconceptochile.cl\/wp-content\/uploads\/2024\/11\/214.-Maceta-cuadrada-de-concreto-vintage.png\" \/>\n\t<meta property=\"og:image:width\" content=\"723\" \/>\n\t<meta property=\"og:image:height\" content=\"690\" \/>\n\t<meta property=\"og:image:type\" content=\"image\/png\" \/>\n<meta name=\"twitter:card\" content=\"summary_large_image\" \/>\n<meta name=\"twitter:label1\" content=\"Tiempo de lectura\" \/>\n\t<meta name=\"twitter:data1\" content=\"1 minuto\" \/>\n<script type=\"application\/ld+json\" class=\"yoast-schema-graph\">{\"@context\":\"https:\\\/\\\/schema.org\",\"@graph\":[{\"@type\":\"WebPage\",\"@id\":\"https:\\\/\\\/funerariaconceptochile.cl\\\/product\\\/maceta-cuadrada-de-concreto-vintage\\\/\",\"url\":\"https:\\\/\\\/funerariaconceptochile.cl\\\/product\\\/maceta-cuadrada-de-concreto-vintage\\\/\",\"name\":\"Maceta cuadrada de concreto vintage - Funeraria Concepto\",\"isPartOf\":{\"@id\":\"https:\\\/\\\/funerariaconceptochile.cl\\\/#website\"},\"primaryImageOfPage\":{\"@id\":\"https:\\\/\\\/funerariaconceptochile.cl\\\/product\\\/maceta-cuadrada-de-concreto-vintage\\\/#primaryimage\"},\"image\":{\"@id\":\"https:\\\/\\\/funerariaconceptochile.cl\\\/product\\\/maceta-cuadrada-de-concreto-vintage\\\/#primaryimage\"},\"thumbnailUrl\":\"https:\\\/\\\/funerariaconceptochile.cl\\\/wp-content\\\/uploads\\\/2024\\\/11\\\/214.-Maceta-cuadrada-de-concreto-vintage.png\",\"datePublished\":\"2024-11-14T15:09:28+00:00\",\"dateModified\":\"2025-08-09T17:55:48+00:00\",\"breadcrumb\":{\"@id\":\"https:\\\/\\\/funerariaconceptochile.cl\\\/product\\\/maceta-cuadrada-de-concreto-vintage\\\/#breadcrumb\"},\"inLanguage\":\"es\",\"potentialAction\":[{\"@type\":\"ReadAction\",\"target\":[\"https:\\\/\\\/funerariaconceptochile.cl\\\/product\\\/maceta-cuadrada-de-concreto-vintage\\\/\"]}]},{\"@type\":\"ImageObject\",\"inLanguage\":\"es\",\"@id\":\"https:\\\/\\\/funerariaconceptochile.cl\\\/product\\\/maceta-cuadrada-de-concreto-vintage\\\/#primaryimage\",\"url\":\"https:\\\/\\\/funerariaconceptochile.cl\\\/wp-content\\\/uploads\\\/2024\\\/11\\\/214.-Maceta-cuadrada-de-concreto-vintage.png\",\"contentUrl\":\"https:\\\/\\\/funerariaconceptochile.cl\\\/wp-content\\\/uploads\\\/2024\\\/11\\\/214.-Maceta-cuadrada-de-concreto-vintage.png\",\"width\":723,\"height\":690},{\"@type\":\"BreadcrumbList\",\"@id\":\"https:\\\/\\\/funerariaconceptochile.cl\\\/product\\\/maceta-cuadrada-de-concreto-vintage\\\/#breadcrumb\",\"itemListElement\":[{\"@type\":\"ListItem\",\"position\":1,\"name\":\"Portada\",\"item\":\"https:\\\/\\\/funerariaconceptochile.cl\\\/\"},{\"@type\":\"ListItem\",\"position\":2,\"name\":\"Accesorios\",\"item\":\"https:\\\/\\\/funerariaconceptochile.cl\\\/tienda-accesorios-funerarios\\\/\"},{\"@type\":\"ListItem\",\"position\":3,\"name\":\"Maceta cuadrada de concreto vintage\"}]},{\"@type\":\"WebSite\",\"@id\":\"https:\\\/\\\/funerariaconceptochile.cl\\\/#website\",\"url\":\"https:\\\/\\\/funerariaconceptochile.cl\\\/\",\"name\":\"Funeraria Concepto\",\"description\":\"\",\"potentialAction\":[{\"@type\":\"SearchAction\",\"target\":{\"@type\":\"EntryPoint\",\"urlTemplate\":\"https:\\\/\\\/funerariaconceptochile.cl\\\/?s={search_term_string}\"},\"query-input\":{\"@type\":\"PropertyValueSpecification\",\"valueRequired\":true,\"valueName\":\"search_term_string\"}}],\"inLanguage\":\"es\"}]}<\/script>\n<!-- \/ Yoast SEO plugin. -->","yoast_head_json":{"title":"Maceta cuadrada de concreto vintage - Funeraria Concepto","robots":{"index":"index","follow":"follow","max-snippet":"max-snippet:-1","max-image-preview":"max-image-preview:large","max-video-preview":"max-video-preview:-1"},"canonical":"https:\/\/funerariaconceptochile.cl\/es\/product\/maceta-cuadrada-de-concreto-vintage\/","og_locale":"es_ES","og_type":"article","og_title":"Maceta cuadrada de concreto vintage - Funeraria Concepto","og_description":"Maceta cuadrada de concreto vintage con grabado 'I'M GEDENKEN' - Perfecta para decoraci\u00f3n de jard\u00edn o cementerio","og_url":"https:\/\/funerariaconceptochile.cl\/es\/product\/maceta-cuadrada-de-concreto-vintage\/","og_site_name":"Funeraria Concepto","article_modified_time":"2025-08-09T17:55:48+00:00","og_image":[{"width":723,"height":690,"url":"https:\/\/funerariaconceptochile.cl\/wp-content\/uploads\/2024\/11\/214.-Maceta-cuadrada-de-concreto-vintage.png","type":"image\/png"}],"twitter_card":"summary_large_image","twitter_misc":{"Tiempo de lectura":"1 minuto"},"schema":{"@context":"https:\/\/schema.org","@graph":[{"@type":"WebPage","@id":"https:\/\/funerariaconceptochile.cl\/product\/maceta-cuadrada-de-concreto-vintage\/","url":"https:\/\/funerariaconceptochile.cl\/product\/maceta-cuadrada-de-concreto-vintage\/","name":"Maceta cuadrada de concreto vintage - Funeraria Concepto","isPartOf":{"@id":"https:\/\/funerariaconceptochile.cl\/#website"},"primaryImageOfPage":{"@id":"https:\/\/funerariaconceptochile.cl\/product\/maceta-cuadrada-de-concreto-vintage\/#primaryimage"},"image":{"@id":"https:\/\/funerariaconceptochile.cl\/product\/maceta-cuadrada-de-concreto-vintage\/#primaryimage"},"thumbnailUrl":"https:\/\/funerariaconceptochile.cl\/wp-content\/uploads\/2024\/11\/214.-Maceta-cuadrada-de-concreto-vintage.png","datePublished":"2024-11-14T15:09:28+00:00","dateModified":"2025-08-09T17:55:48+00:00","breadcrumb":{"@id":"https:\/\/funerariaconceptochile.cl\/product\/maceta-cuadrada-de-concreto-vintage\/#breadcrumb"},"inLanguage":"es","potentialAction":[{"@type":"ReadAction","target":["https:\/\/funerariaconceptochile.cl\/product\/maceta-cuadrada-de-concreto-vintage\/"]}]},{"@type":"ImageObject","inLanguage":"es","@id":"https:\/\/funerariaconceptochile.cl\/product\/maceta-cuadrada-de-concreto-vintage\/#primaryimage","url":"https:\/\/funerariaconceptochile.cl\/wp-content\/uploads\/2024\/11\/214.-Maceta-cuadrada-de-concreto-vintage.png","contentUrl":"https:\/\/funerariaconceptochile.cl\/wp-content\/uploads\/2024\/11\/214.-Maceta-cuadrada-de-concreto-vintage.png","width":723,"height":690},{"@type":"BreadcrumbList","@id":"https:\/\/funerariaconceptochile.cl\/product\/maceta-cuadrada-de-concreto-vintage\/#breadcrumb","itemListElement":[{"@type":"ListItem","position":1,"name":"Portada","item":"https:\/\/funerariaconceptochile.cl\/"},{"@type":"ListItem","position":2,"name":"Accesorios","item":"https:\/\/funerariaconceptochile.cl\/tienda-accesorios-funerarios\/"},{"@type":"ListItem","position":3,"name":"Maceta cuadrada de concreto vintage"}]},{"@type":"WebSite","@id":"https:\/\/funerariaconceptochile.cl\/#website","url":"https:\/\/funerariaconceptochile.cl\/","name":"Funeraria Concepto","description":"","potentialAction":[{"@type":"SearchAction","target":{"@type":"EntryPoint","urlTemplate":"https:\/\/funerariaconceptochile.cl\/?s={search_term_string}"},"query-input":{"@type":"PropertyValueSpecification","valueRequired":true,"valueName":"search_term_string"}}],"inLanguage":"es"}]}},"_links":{"self":[{"href":"https:\/\/funerariaconceptochile.cl\/es\/wp-json\/wp\/v2\/product\/9755","targetHints":{"allow":["GET"]}}],"collection":[{"href":"https:\/\/funerariaconceptochile.cl\/es\/wp-json\/wp\/v2\/product"}],"about":[{"href":"https:\/\/funerariaconceptochile.cl\/es\/wp-json\/wp\/v2\/types\/product"}],"replies":[{"embeddable":true,"href":"https:\/\/funerariaconceptochile.cl\/es\/wp-json\/wp\/v2\/comments?post=9755"}],"wp:featuredmedia":[{"embeddable":true,"href":"https:\/\/funerariaconceptochile.cl\/es\/wp-json\/wp\/v2\/media\/9756"}],"wp:attachment":[{"href":"https:\/\/funerariaconceptochile.cl\/es\/wp-json\/wp\/v2\/media?parent=9755"}],"wp:term":[{"taxonomy":"product_brand","embeddable":true,"href":"https:\/\/funerariaconceptochile.cl\/es\/wp-json\/wp\/v2\/product_brand?post=9755"},{"taxonomy":"product_cat","embeddable":true,"href":"https:\/\/funerariaconceptochile.cl\/es\/wp-json\/wp\/v2\/product_cat?post=9755"},{"taxonomy":"product_tag","embeddable":true,"href":"https:\/\/funerariaconceptochile.cl\/es\/wp-json\/wp\/v2\/product_tag?post=9755"}],"curies":[{"name":"wp","href":"https:\/\/api.w.org\/{rel}","templated":true}]}}

<p>Material: Resina<br />
Tipo de ensamble: Otros tipos de instalación<br />
Uso recomendado: Exterior<br />
Estilo: Vintage<br />
Ocasión: Acción de gracias<br />
Fuente de alimentación: Uso sin electricidad<br />
Características de la batería: Sin batería</p>

<p>Maceta cuadrada de concreto vintage con grabado &#8216;I&#8217;M GEDENKEN&#8217; &#8211; Perfecta para decoración de jardín o cementerio</p>

<!-- This site is optimized with the Yoast SEO plugin v27.5 - https://yoast.com/product/yoast-seo-wordpress/ -->
<title>Maceta cuadrada de concreto vintage - Funeraria Concepto</title>
<meta name="robots" content="index, follow, max-snippet:-1, max-image-preview:large, max-video-preview:-1" />
<link rel="canonical" href="https://funerariaconceptochile.cl/es/product/maceta-cuadrada-de-concreto-vintage/" />
<meta property="og:locale" content="es_ES" />
<meta property="og:type" content="article" />
<meta property="og:title" content="Maceta cuadrada de concreto vintage - Funeraria Concepto" />
<meta property="og:description" content="Maceta cuadrada de concreto vintage con grabado &#039;I&#039;M GEDENKEN&#039; - Perfecta para decoración de jardín o cementerio" />
<meta property="og:url" content="https://funerariaconceptochile.cl/es/product/maceta-cuadrada-de-concreto-vintage/" />
<meta property="og:site_name" content="Funeraria Concepto" />
<meta property="article:modified_time" content="2025-08-09T17:55:48+00:00" />
<meta property="og:image" content="https://funerariaconceptochile.cl/wp-content/uploads/2024/11/214.-Maceta-cuadrada-de-concreto-vintage.png" />
	<meta property="og:image:width" content="723" />
	<meta property="og:image:height" content="690" />
	<meta property="og:image:type" content="image/png" />
<meta name="twitter:card" content="summary_large_image" />
<meta name="twitter:label1" content="Tiempo de lectura" />
	<meta name="twitter:data1" content="1 minuto" />
<script type="application/ld+json" class="yoast-schema-graph">{"@context":"https:\/\/schema.org","@graph":[{"@type":"WebPage","@id":"https:\/\/funerariaconceptochile.cl\/product\/maceta-cuadrada-de-concreto-vintage\/","url":"https:\/\/funerariaconceptochile.cl\/product\/maceta-cuadrada-de-concreto-vintage\/","name":"Maceta cuadrada de concreto vintage - Funeraria Concepto","isPartOf":{"@id":"https:\/\/funerariaconceptochile.cl\/#website"},"primaryImageOfPage":{"@id":"https:\/\/funerariaconceptochile.cl\/product\/maceta-cuadrada-de-concreto-vintage\/#primaryimage"},"image":{"@id":"https:\/\/funerariaconceptochile.cl\/product\/maceta-cuadrada-de-concreto-vintage\/#primaryimage"},"thumbnailUrl":"https:\/\/funerariaconceptochile.cl\/wp-content\/uploads\/2024\/11\/214.-Maceta-cuadrada-de-concreto-vintage.png","datePublished":"2024-11-14T15:09:28+00:00","dateModified":"2025-08-09T17:55:48+00:00","breadcrumb":{"@id":"https:\/\/funerariaconceptochile.cl\/product\/maceta-cuadrada-de-concreto-vintage\/#breadcrumb"},"inLanguage":"es","potentialAction":[{"@type":"ReadAction","target":["https:\/\/funerariaconceptochile.cl\/product\/maceta-cuadrada-de-concreto-vintage\/"]}]},{"@type":"ImageObject","inLanguage":"es","@id":"https:\/\/funerariaconceptochile.cl\/product\/maceta-cuadrada-de-concreto-vintage\/#primaryimage","url":"https:\/\/funerariaconceptochile.cl\/wp-content\/uploads\/2024\/11\/214.-Maceta-cuadrada-de-concreto-vintage.png","contentUrl":"https:\/\/funerariaconceptochile.cl\/wp-content\/uploads\/2024\/11\/214.-Maceta-cuadrada-de-concreto-vintage.png","width":723,"height":690},{"@type":"BreadcrumbList","@id":"https:\/\/funerariaconceptochile.cl\/product\/maceta-cuadrada-de-concreto-vintage\/#breadcrumb","itemListElement":[{"@type":"ListItem","position":1,"name":"Portada","item":"https:\/\/funerariaconceptochile.cl\/"},{"@type":"ListItem","position":2,"name":"Accesorios","item":"https:\/\/funerariaconceptochile.cl\/tienda-accesorios-funerarios\/"},{"@type":"ListItem","position":3,"name":"Maceta cuadrada de concreto vintage"}]},{"@type":"WebSite","@id":"https:\/\/funerariaconceptochile.cl\/#website","url":"https:\/\/funerariaconceptochile.cl\/","name":"Funeraria Concepto","description":"","potentialAction":[{"@type":"SearchAction","target":{"@type":"EntryPoint","urlTemplate":"https:\/\/funerariaconceptochile.cl\/?s={search_term_string}"},"query-input":{"@type":"PropertyValueSpecification","valueRequired":true,"valueName":"search_term_string"}}],"inLanguage":"es"}]}</script>
<!-- / Yoast SEO plugin. -->

Maceta cuadrada de concreto vintage con grabado 'I'M GEDENKEN' - Perfecta para decoración de jardín o cementerio
