{"id":9752,"date":"2024-11-14T11:01:44","date_gmt":"2024-11-14T15:01:44","guid":{"rendered":"https:\/\/funerariaconceptochile.cl\/?post_type=product&#038;p=9752"},"modified":"2025-08-09T13:55:14","modified_gmt":"2025-08-09T17:55:14","slug":"antorcha-solar-con-efecto-de-llama-parpadeante","status":"publish","type":"product","link":"https:\/\/funerariaconceptochile.cl\/es\/product\/antorcha-solar-con-efecto-de-llama-parpadeante\/","title":{"rendered":"Antorcha Solar con Efecto de Llama Parpadeante"},"content":{"rendered":"<p>Tipo de acabado met\u00e1lico: Matte<br \/>\nModo de alimentaci\u00f3n: Energ\u00eda solar<br \/>\nVoltaje: \u226436 V<br \/>\nCaracter\u00edsticas de la bater\u00eda: Bater\u00eda solar<br \/>\nBater\u00eda solar: Bater\u00eda de n\u00edquel<br \/>\nContiene componentes electr\u00f3nicos\/placa base.: Contiene componentes electr\u00f3nicos o placa base<br \/>\nTipo de l\u00e1ser: Sin l\u00e1ser<br \/>\nMaterial: PVC<br \/>\nTipo de emisi\u00f3n de luz: Luces led<br \/>\nModo de color: Un color (sin cambio de color)<\/p>","protected":false},"excerpt":{"rendered":"<p>Pzas Antorchas Solares con Efecto de Llama Parpadeante &#8211; Construcci\u00f3n Duradera de PVC y Metal, Acabado Mate, Fuente de Luz LED, Bater\u00eda de N\u00edquel, Energ\u00eda Solar, Adecuadas para Jard\u00edn, C\u00e9sped, Patio y Decoraciones Exteriores<\/p>","protected":false},"featured_media":9753,"comment_status":"open","ping_status":"closed","template":"","meta":[],"product_brand":[],"product_cat":[73],"product_tag":[],"class_list":{"0":"post-9752","1":"product","2":"type-product","3":"status-publish","4":"has-post-thumbnail","6":"product_cat-accesorios-funerarios","8":"first","9":"instock","10":"shipping-taxable","11":"purchasable","12":"product-type-simple"},"yoast_head":"<!-- This site is optimized with the Yoast SEO plugin v27.5 - https:\/\/yoast.com\/product\/yoast-seo-wordpress\/ -->\n<title>Antorcha Solar con Efecto de Llama Parpadeante - Funeraria Concepto<\/title>\n<meta name=\"robots\" content=\"index, follow, max-snippet:-1, max-image-preview:large, max-video-preview:-1\" \/>\n<link rel=\"canonical\" href=\"https:\/\/funerariaconceptochile.cl\/es\/product\/antorcha-solar-con-efecto-de-llama-parpadeante\/\" \/>\n<meta property=\"og:locale\" content=\"es_ES\" \/>\n<meta property=\"og:type\" content=\"article\" \/>\n<meta property=\"og:title\" content=\"Antorcha Solar con Efecto de Llama Parpadeante - Funeraria Concepto\" \/>\n<meta property=\"og:description\" content=\"Pzas Antorchas Solares con Efecto de Llama Parpadeante - Construcci\u00f3n Duradera de PVC y Metal, Acabado Mate, Fuente de Luz LED, Bater\u00eda de N\u00edquel, Energ\u00eda Solar, Adecuadas para Jard\u00edn, C\u00e9sped, Patio y Decoraciones Exteriores\" \/>\n<meta property=\"og:url\" content=\"https:\/\/funerariaconceptochile.cl\/es\/product\/antorcha-solar-con-efecto-de-llama-parpadeante\/\" \/>\n<meta property=\"og:site_name\" content=\"Funeraria Concepto\" \/>\n<meta property=\"article:modified_time\" content=\"2025-08-09T17:55:14+00:00\" \/>\n<meta property=\"og:image\" content=\"https:\/\/funerariaconceptochile.cl\/wp-content\/uploads\/2024\/11\/213.-Antorcha-Solar-con-Efecto-de-Llama-Parpadeante.png\" \/>\n\t<meta property=\"og:image:width\" content=\"629\" \/>\n\t<meta property=\"og:image:height\" content=\"637\" \/>\n\t<meta property=\"og:image:type\" content=\"image\/png\" \/>\n<meta name=\"twitter:card\" content=\"summary_large_image\" \/>\n<meta name=\"twitter:label1\" content=\"Tiempo de lectura\" \/>\n\t<meta name=\"twitter:data1\" content=\"1 minuto\" \/>\n<script type=\"application\/ld+json\" class=\"yoast-schema-graph\">{\"@context\":\"https:\\\/\\\/schema.org\",\"@graph\":[{\"@type\":\"WebPage\",\"@id\":\"https:\\\/\\\/funerariaconceptochile.cl\\\/product\\\/antorcha-solar-con-efecto-de-llama-parpadeante\\\/\",\"url\":\"https:\\\/\\\/funerariaconceptochile.cl\\\/product\\\/antorcha-solar-con-efecto-de-llama-parpadeante\\\/\",\"name\":\"Antorcha Solar con Efecto de Llama Parpadeante - Funeraria Concepto\",\"isPartOf\":{\"@id\":\"https:\\\/\\\/funerariaconceptochile.cl\\\/#website\"},\"primaryImageOfPage\":{\"@id\":\"https:\\\/\\\/funerariaconceptochile.cl\\\/product\\\/antorcha-solar-con-efecto-de-llama-parpadeante\\\/#primaryimage\"},\"image\":{\"@id\":\"https:\\\/\\\/funerariaconceptochile.cl\\\/product\\\/antorcha-solar-con-efecto-de-llama-parpadeante\\\/#primaryimage\"},\"thumbnailUrl\":\"https:\\\/\\\/funerariaconceptochile.cl\\\/wp-content\\\/uploads\\\/2024\\\/11\\\/213.-Antorcha-Solar-con-Efecto-de-Llama-Parpadeante.png\",\"datePublished\":\"2024-11-14T15:01:44+00:00\",\"dateModified\":\"2025-08-09T17:55:14+00:00\",\"breadcrumb\":{\"@id\":\"https:\\\/\\\/funerariaconceptochile.cl\\\/product\\\/antorcha-solar-con-efecto-de-llama-parpadeante\\\/#breadcrumb\"},\"inLanguage\":\"es\",\"potentialAction\":[{\"@type\":\"ReadAction\",\"target\":[\"https:\\\/\\\/funerariaconceptochile.cl\\\/product\\\/antorcha-solar-con-efecto-de-llama-parpadeante\\\/\"]}]},{\"@type\":\"ImageObject\",\"inLanguage\":\"es\",\"@id\":\"https:\\\/\\\/funerariaconceptochile.cl\\\/product\\\/antorcha-solar-con-efecto-de-llama-parpadeante\\\/#primaryimage\",\"url\":\"https:\\\/\\\/funerariaconceptochile.cl\\\/wp-content\\\/uploads\\\/2024\\\/11\\\/213.-Antorcha-Solar-con-Efecto-de-Llama-Parpadeante.png\",\"contentUrl\":\"https:\\\/\\\/funerariaconceptochile.cl\\\/wp-content\\\/uploads\\\/2024\\\/11\\\/213.-Antorcha-Solar-con-Efecto-de-Llama-Parpadeante.png\",\"width\":629,\"height\":637},{\"@type\":\"BreadcrumbList\",\"@id\":\"https:\\\/\\\/funerariaconceptochile.cl\\\/product\\\/antorcha-solar-con-efecto-de-llama-parpadeante\\\/#breadcrumb\",\"itemListElement\":[{\"@type\":\"ListItem\",\"position\":1,\"name\":\"Portada\",\"item\":\"https:\\\/\\\/funerariaconceptochile.cl\\\/\"},{\"@type\":\"ListItem\",\"position\":2,\"name\":\"Accesorios\",\"item\":\"https:\\\/\\\/funerariaconceptochile.cl\\\/tienda-accesorios-funerarios\\\/\"},{\"@type\":\"ListItem\",\"position\":3,\"name\":\"Antorcha Solar con Efecto de Llama Parpadeante\"}]},{\"@type\":\"WebSite\",\"@id\":\"https:\\\/\\\/funerariaconceptochile.cl\\\/#website\",\"url\":\"https:\\\/\\\/funerariaconceptochile.cl\\\/\",\"name\":\"Funeraria Concepto\",\"description\":\"\",\"potentialAction\":[{\"@type\":\"SearchAction\",\"target\":{\"@type\":\"EntryPoint\",\"urlTemplate\":\"https:\\\/\\\/funerariaconceptochile.cl\\\/?s={search_term_string}\"},\"query-input\":{\"@type\":\"PropertyValueSpecification\",\"valueRequired\":true,\"valueName\":\"search_term_string\"}}],\"inLanguage\":\"es\"}]}<\/script>\n<!-- \/ Yoast SEO plugin. -->","yoast_head_json":{"title":"Antorcha Solar con Efecto de Llama Parpadeante - Funeraria Concepto","robots":{"index":"index","follow":"follow","max-snippet":"max-snippet:-1","max-image-preview":"max-image-preview:large","max-video-preview":"max-video-preview:-1"},"canonical":"https:\/\/funerariaconceptochile.cl\/es\/product\/antorcha-solar-con-efecto-de-llama-parpadeante\/","og_locale":"es_ES","og_type":"article","og_title":"Antorcha Solar con Efecto de Llama Parpadeante - Funeraria Concepto","og_description":"Pzas Antorchas Solares con Efecto de Llama Parpadeante - Construcci\u00f3n Duradera de PVC y Metal, Acabado Mate, Fuente de Luz LED, Bater\u00eda de N\u00edquel, Energ\u00eda Solar, Adecuadas para Jard\u00edn, C\u00e9sped, Patio y Decoraciones Exteriores","og_url":"https:\/\/funerariaconceptochile.cl\/es\/product\/antorcha-solar-con-efecto-de-llama-parpadeante\/","og_site_name":"Funeraria Concepto","article_modified_time":"2025-08-09T17:55:14+00:00","og_image":[{"width":629,"height":637,"url":"https:\/\/funerariaconceptochile.cl\/wp-content\/uploads\/2024\/11\/213.-Antorcha-Solar-con-Efecto-de-Llama-Parpadeante.png","type":"image\/png"}],"twitter_card":"summary_large_image","twitter_misc":{"Tiempo de lectura":"1 minuto"},"schema":{"@context":"https:\/\/schema.org","@graph":[{"@type":"WebPage","@id":"https:\/\/funerariaconceptochile.cl\/product\/antorcha-solar-con-efecto-de-llama-parpadeante\/","url":"https:\/\/funerariaconceptochile.cl\/product\/antorcha-solar-con-efecto-de-llama-parpadeante\/","name":"Antorcha Solar con Efecto de Llama Parpadeante - Funeraria Concepto","isPartOf":{"@id":"https:\/\/funerariaconceptochile.cl\/#website"},"primaryImageOfPage":{"@id":"https:\/\/funerariaconceptochile.cl\/product\/antorcha-solar-con-efecto-de-llama-parpadeante\/#primaryimage"},"image":{"@id":"https:\/\/funerariaconceptochile.cl\/product\/antorcha-solar-con-efecto-de-llama-parpadeante\/#primaryimage"},"thumbnailUrl":"https:\/\/funerariaconceptochile.cl\/wp-content\/uploads\/2024\/11\/213.-Antorcha-Solar-con-Efecto-de-Llama-Parpadeante.png","datePublished":"2024-11-14T15:01:44+00:00","dateModified":"2025-08-09T17:55:14+00:00","breadcrumb":{"@id":"https:\/\/funerariaconceptochile.cl\/product\/antorcha-solar-con-efecto-de-llama-parpadeante\/#breadcrumb"},"inLanguage":"es","potentialAction":[{"@type":"ReadAction","target":["https:\/\/funerariaconceptochile.cl\/product\/antorcha-solar-con-efecto-de-llama-parpadeante\/"]}]},{"@type":"ImageObject","inLanguage":"es","@id":"https:\/\/funerariaconceptochile.cl\/product\/antorcha-solar-con-efecto-de-llama-parpadeante\/#primaryimage","url":"https:\/\/funerariaconceptochile.cl\/wp-content\/uploads\/2024\/11\/213.-Antorcha-Solar-con-Efecto-de-Llama-Parpadeante.png","contentUrl":"https:\/\/funerariaconceptochile.cl\/wp-content\/uploads\/2024\/11\/213.-Antorcha-Solar-con-Efecto-de-Llama-Parpadeante.png","width":629,"height":637},{"@type":"BreadcrumbList","@id":"https:\/\/funerariaconceptochile.cl\/product\/antorcha-solar-con-efecto-de-llama-parpadeante\/#breadcrumb","itemListElement":[{"@type":"ListItem","position":1,"name":"Portada","item":"https:\/\/funerariaconceptochile.cl\/"},{"@type":"ListItem","position":2,"name":"Accesorios","item":"https:\/\/funerariaconceptochile.cl\/tienda-accesorios-funerarios\/"},{"@type":"ListItem","position":3,"name":"Antorcha Solar con Efecto de Llama Parpadeante"}]},{"@type":"WebSite","@id":"https:\/\/funerariaconceptochile.cl\/#website","url":"https:\/\/funerariaconceptochile.cl\/","name":"Funeraria Concepto","description":"","potentialAction":[{"@type":"SearchAction","target":{"@type":"EntryPoint","urlTemplate":"https:\/\/funerariaconceptochile.cl\/?s={search_term_string}"},"query-input":{"@type":"PropertyValueSpecification","valueRequired":true,"valueName":"search_term_string"}}],"inLanguage":"es"}]}},"_links":{"self":[{"href":"https:\/\/funerariaconceptochile.cl\/es\/wp-json\/wp\/v2\/product\/9752","targetHints":{"allow":["GET"]}}],"collection":[{"href":"https:\/\/funerariaconceptochile.cl\/es\/wp-json\/wp\/v2\/product"}],"about":[{"href":"https:\/\/funerariaconceptochile.cl\/es\/wp-json\/wp\/v2\/types\/product"}],"replies":[{"embeddable":true,"href":"https:\/\/funerariaconceptochile.cl\/es\/wp-json\/wp\/v2\/comments?post=9752"}],"wp:featuredmedia":[{"embeddable":true,"href":"https:\/\/funerariaconceptochile.cl\/es\/wp-json\/wp\/v2\/media\/9753"}],"wp:attachment":[{"href":"https:\/\/funerariaconceptochile.cl\/es\/wp-json\/wp\/v2\/media?parent=9752"}],"wp:term":[{"taxonomy":"product_brand","embeddable":true,"href":"https:\/\/funerariaconceptochile.cl\/es\/wp-json\/wp\/v2\/product_brand?post=9752"},{"taxonomy":"product_cat","embeddable":true,"href":"https:\/\/funerariaconceptochile.cl\/es\/wp-json\/wp\/v2\/product_cat?post=9752"},{"taxonomy":"product_tag","embeddable":true,"href":"https:\/\/funerariaconceptochile.cl\/es\/wp-json\/wp\/v2\/product_tag?post=9752"}],"curies":[{"name":"wp","href":"https:\/\/api.w.org\/{rel}","templated":true}]}}

<p>Tipo de acabado metálico: Matte<br />
Modo de alimentación: Energía solar<br />
Voltaje: ≤36 V<br />
Características de la batería: Batería solar<br />
Batería solar: Batería de níquel<br />
Contiene componentes electrónicos/placa base.: Contiene componentes electrónicos o placa base<br />
Tipo de láser: Sin láser<br />
Material: PVC<br />
Tipo de emisión de luz: Luces led<br />
Modo de color: Un color (sin cambio de color)</p>

<p>Pzas Antorchas Solares con Efecto de Llama Parpadeante &#8211; Construcción Duradera de PVC y Metal, Acabado Mate, Fuente de Luz LED, Batería de Níquel, Energía Solar, Adecuadas para Jardín, Césped, Patio y Decoraciones Exteriores</p>

<!-- This site is optimized with the Yoast SEO plugin v27.5 - https://yoast.com/product/yoast-seo-wordpress/ -->
<title>Antorcha Solar con Efecto de Llama Parpadeante - Funeraria Concepto</title>
<meta name="robots" content="index, follow, max-snippet:-1, max-image-preview:large, max-video-preview:-1" />
<link rel="canonical" href="https://funerariaconceptochile.cl/es/product/antorcha-solar-con-efecto-de-llama-parpadeante/" />
<meta property="og:locale" content="es_ES" />
<meta property="og:type" content="article" />
<meta property="og:title" content="Antorcha Solar con Efecto de Llama Parpadeante - Funeraria Concepto" />
<meta property="og:description" content="Pzas Antorchas Solares con Efecto de Llama Parpadeante - Construcción Duradera de PVC y Metal, Acabado Mate, Fuente de Luz LED, Batería de Níquel, Energía Solar, Adecuadas para Jardín, Césped, Patio y Decoraciones Exteriores" />
<meta property="og:url" content="https://funerariaconceptochile.cl/es/product/antorcha-solar-con-efecto-de-llama-parpadeante/" />
<meta property="og:site_name" content="Funeraria Concepto" />
<meta property="article:modified_time" content="2025-08-09T17:55:14+00:00" />
<meta property="og:image" content="https://funerariaconceptochile.cl/wp-content/uploads/2024/11/213.-Antorcha-Solar-con-Efecto-de-Llama-Parpadeante.png" />
	<meta property="og:image:width" content="629" />
	<meta property="og:image:height" content="637" />
	<meta property="og:image:type" content="image/png" />
<meta name="twitter:card" content="summary_large_image" />
<meta name="twitter:label1" content="Tiempo de lectura" />
	<meta name="twitter:data1" content="1 minuto" />
<script type="application/ld+json" class="yoast-schema-graph">{"@context":"https:\/\/schema.org","@graph":[{"@type":"WebPage","@id":"https:\/\/funerariaconceptochile.cl\/product\/antorcha-solar-con-efecto-de-llama-parpadeante\/","url":"https:\/\/funerariaconceptochile.cl\/product\/antorcha-solar-con-efecto-de-llama-parpadeante\/","name":"Antorcha Solar con Efecto de Llama Parpadeante - Funeraria Concepto","isPartOf":{"@id":"https:\/\/funerariaconceptochile.cl\/#website"},"primaryImageOfPage":{"@id":"https:\/\/funerariaconceptochile.cl\/product\/antorcha-solar-con-efecto-de-llama-parpadeante\/#primaryimage"},"image":{"@id":"https:\/\/funerariaconceptochile.cl\/product\/antorcha-solar-con-efecto-de-llama-parpadeante\/#primaryimage"},"thumbnailUrl":"https:\/\/funerariaconceptochile.cl\/wp-content\/uploads\/2024\/11\/213.-Antorcha-Solar-con-Efecto-de-Llama-Parpadeante.png","datePublished":"2024-11-14T15:01:44+00:00","dateModified":"2025-08-09T17:55:14+00:00","breadcrumb":{"@id":"https:\/\/funerariaconceptochile.cl\/product\/antorcha-solar-con-efecto-de-llama-parpadeante\/#breadcrumb"},"inLanguage":"es","potentialAction":[{"@type":"ReadAction","target":["https:\/\/funerariaconceptochile.cl\/product\/antorcha-solar-con-efecto-de-llama-parpadeante\/"]}]},{"@type":"ImageObject","inLanguage":"es","@id":"https:\/\/funerariaconceptochile.cl\/product\/antorcha-solar-con-efecto-de-llama-parpadeante\/#primaryimage","url":"https:\/\/funerariaconceptochile.cl\/wp-content\/uploads\/2024\/11\/213.-Antorcha-Solar-con-Efecto-de-Llama-Parpadeante.png","contentUrl":"https:\/\/funerariaconceptochile.cl\/wp-content\/uploads\/2024\/11\/213.-Antorcha-Solar-con-Efecto-de-Llama-Parpadeante.png","width":629,"height":637},{"@type":"BreadcrumbList","@id":"https:\/\/funerariaconceptochile.cl\/product\/antorcha-solar-con-efecto-de-llama-parpadeante\/#breadcrumb","itemListElement":[{"@type":"ListItem","position":1,"name":"Portada","item":"https:\/\/funerariaconceptochile.cl\/"},{"@type":"ListItem","position":2,"name":"Accesorios","item":"https:\/\/funerariaconceptochile.cl\/tienda-accesorios-funerarios\/"},{"@type":"ListItem","position":3,"name":"Antorcha Solar con Efecto de Llama Parpadeante"}]},{"@type":"WebSite","@id":"https:\/\/funerariaconceptochile.cl\/#website","url":"https:\/\/funerariaconceptochile.cl\/","name":"Funeraria Concepto","description":"","potentialAction":[{"@type":"SearchAction","target":{"@type":"EntryPoint","urlTemplate":"https:\/\/funerariaconceptochile.cl\/?s={search_term_string}"},"query-input":{"@type":"PropertyValueSpecification","valueRequired":true,"valueName":"search_term_string"}}],"inLanguage":"es"}]}</script>
<!-- / Yoast SEO plugin. -->

Pzas Antorchas Solares con Efecto de Llama Parpadeante - Construcción Duradera de PVC y Metal, Acabado Mate, Fuente de Luz LED, Batería de Níquel, Energía Solar, Adecuadas para Jardín, Césped, Patio y Decoraciones Exteriores
