{"id":8759,"date":"2024-04-25T18:42:58","date_gmt":"2024-04-25T22:42:58","guid":{"rendered":"https:\/\/funerariaconceptochile.cl\/product\/florero-recto-marmol-20x15-cm\/"},"modified":"2026-06-23T18:30:37","modified_gmt":"2026-06-23T22:30:37","slug":"florero-recto-marmol-20x15-cm-2","status":"publish","type":"product","link":"https:\/\/funerariaconceptochile.cl\/es\/product\/florero-recto-marmol-20x15-cm-2\/","title":{"rendered":"Florero recto marmol 20&#215;15 cm"},"content":{"rendered":"<p>accesorio embellecedor para sepultura de cementerio, florero recto marmol 20&#215;15 cm, fabricaci\u00f3n y despacho 10 d\u00edas despu\u00e9s de realizada su compra, principales usos cementerio, parque cementerio, embellecimiento de sepulturas, b\u00f3vedas, nichos, decoraci\u00f3n de iglesias y centros religiosos<\/p>","protected":false},"excerpt":{"rendered":"<ul>\n<li>Solucionamos las distintas necesidades y requerimientos de nuestros clientes, con acabados m\u00e1s profesionales y facilidades de pago.<\/li>\n<li>Para trabajos especiales y a medida, por favor no dude en comunicarse con nosotros.<\/li>\n<\/ul>","protected":false},"featured_media":8754,"comment_status":"open","ping_status":"closed","template":"","meta":{"site-sidebar-layout":"default","site-content-layout":"","ast-site-content-layout":"default","site-content-style":"default","site-sidebar-style":"default","ast-global-header-display":"","ast-banner-title-visibility":"","ast-main-header-display":"","ast-hfb-above-header-display":"","ast-hfb-below-header-display":"","ast-hfb-mobile-header-display":"","site-post-title":"","ast-breadcrumbs-content":"","ast-featured-img":"","footer-sml-layout":"","ast-disable-related-posts":"","theme-transparent-header-meta":"","adv-header-id-meta":"","stick-header-meta":"","header-above-stick-meta":"","header-main-stick-meta":"","header-below-stick-meta":"","astra-migrate-meta-layouts":"default","ast-page-background-enabled":"default","ast-page-background-meta":{"desktop":{"background-color":"var(--ast-global-color-5)","background-image":"","background-repeat":"repeat","background-position":"center center","background-size":"auto","background-attachment":"scroll","background-type":"","background-media":"","overlay-type":"","overlay-color":"","overlay-opacity":"","overlay-gradient":""},"tablet":{"background-color":"","background-image":"","background-repeat":"repeat","background-position":"center center","background-size":"auto","background-attachment":"scroll","background-type":"","background-media":"","overlay-type":"","overlay-color":"","overlay-opacity":"","overlay-gradient":""},"mobile":{"background-color":"","background-image":"","background-repeat":"repeat","background-position":"center center","background-size":"auto","background-attachment":"scroll","background-type":"","background-media":"","overlay-type":"","overlay-color":"","overlay-opacity":"","overlay-gradient":""}},"ast-content-background-meta":{"desktop":{"background-color":"var(--ast-global-color-4)","background-image":"","background-repeat":"repeat","background-position":"center center","background-size":"auto","background-attachment":"scroll","background-type":"","background-media":"","overlay-type":"","overlay-color":"","overlay-opacity":"","overlay-gradient":""},"tablet":{"background-color":"var(--ast-global-color-4)","background-image":"","background-repeat":"repeat","background-position":"center center","background-size":"auto","background-attachment":"scroll","background-type":"","background-media":"","overlay-type":"","overlay-color":"","overlay-opacity":"","overlay-gradient":""},"mobile":{"background-color":"var(--ast-global-color-4)","background-image":"","background-repeat":"repeat","background-position":"center center","background-size":"auto","background-attachment":"scroll","background-type":"","background-media":"","overlay-type":"","overlay-color":"","overlay-opacity":"","overlay-gradient":""}}},"product_brand":[],"product_cat":[73],"product_tag":[],"class_list":["post-8759","product","type-product","status-publish","has-post-thumbnail","product_cat-accesorios-funerarios","desktop-align-center","tablet-align-left","mobile-align-left","first","instock","taxable","shipping-taxable","purchasable","product-type-simple"],"yoast_head":"<!-- This site is optimized with the Yoast SEO plugin v28.4 - https:\/\/yoast.com\/product\/yoast-seo-wordpress\/ -->\n<title>Florero recto marmol 20x15 cm -<\/title>\n<meta name=\"robots\" content=\"index, follow, max-snippet:-1, max-image-preview:large, max-video-preview:-1\" \/>\n<link rel=\"canonical\" href=\"https:\/\/funerariaconceptochile.cl\/es\/product\/florero-recto-marmol-20x15-cm-2\/\" \/>\n<meta property=\"og:locale\" content=\"es_ES\" \/>\n<meta property=\"og:type\" content=\"article\" \/>\n<meta property=\"og:title\" content=\"Florero recto marmol 20x15 cm -\" \/>\n<meta property=\"og:description\" content=\"Solucionamos las distintas necesidades y requerimientos de nuestros clientes, con acabados m\u00e1s profesionales y facilidades de pago.      Para trabajos especiales y a medida, por favor no dude en comunicarse con nosotros.\" \/>\n<meta property=\"og:url\" content=\"https:\/\/funerariaconceptochile.cl\/es\/product\/florero-recto-marmol-20x15-cm-2\/\" \/>\n<meta property=\"article:modified_time\" content=\"2026-06-23T22:30:37+00:00\" \/>\n<meta property=\"og:image\" content=\"https:\/\/funerariaconceptochile.cl\/wp-content\/uploads\/2024\/04\/153.png\" \/>\n\t<meta property=\"og:image:width\" content=\"1200\" \/>\n\t<meta property=\"og:image:height\" content=\"1200\" \/>\n\t<meta property=\"og:image:type\" content=\"image\/png\" \/>\n<meta name=\"twitter:card\" content=\"summary_large_image\" \/>\n<script type=\"application\/ld+json\" class=\"yoast-schema-graph\">{\"@context\":\"https:\\\/\\\/schema.org\",\"@graph\":[{\"@type\":\"WebPage\",\"@id\":\"https:\\\/\\\/funerariaconceptochile.cl\\\/product\\\/florero-recto-marmol-20x15-cm-2\\\/\",\"url\":\"https:\\\/\\\/funerariaconceptochile.cl\\\/product\\\/florero-recto-marmol-20x15-cm-2\\\/\",\"name\":\"Florero recto marmol 20x15 cm -\",\"isPartOf\":{\"@id\":\"https:\\\/\\\/funerariaconceptochile.cl\\\/#website\"},\"primaryImageOfPage\":{\"@id\":\"https:\\\/\\\/funerariaconceptochile.cl\\\/product\\\/florero-recto-marmol-20x15-cm-2\\\/#primaryimage\"},\"image\":{\"@id\":\"https:\\\/\\\/funerariaconceptochile.cl\\\/product\\\/florero-recto-marmol-20x15-cm-2\\\/#primaryimage\"},\"thumbnailUrl\":\"https:\\\/\\\/funerariaconceptochile.cl\\\/wp-content\\\/uploads\\\/2024\\\/04\\\/153.png\",\"datePublished\":\"2024-04-25T22:42:58+00:00\",\"dateModified\":\"2026-06-23T22:30:37+00:00\",\"breadcrumb\":{\"@id\":\"https:\\\/\\\/funerariaconceptochile.cl\\\/product\\\/florero-recto-marmol-20x15-cm-2\\\/#breadcrumb\"},\"inLanguage\":\"es\",\"potentialAction\":[{\"@type\":\"ReadAction\",\"target\":[\"https:\\\/\\\/funerariaconceptochile.cl\\\/product\\\/florero-recto-marmol-20x15-cm-2\\\/\"]}]},{\"@type\":\"ImageObject\",\"inLanguage\":\"es\",\"@id\":\"https:\\\/\\\/funerariaconceptochile.cl\\\/product\\\/florero-recto-marmol-20x15-cm-2\\\/#primaryimage\",\"url\":\"https:\\\/\\\/funerariaconceptochile.cl\\\/wp-content\\\/uploads\\\/2024\\\/04\\\/153.png\",\"contentUrl\":\"https:\\\/\\\/funerariaconceptochile.cl\\\/wp-content\\\/uploads\\\/2024\\\/04\\\/153.png\",\"width\":1200,\"height\":1200},{\"@type\":\"BreadcrumbList\",\"@id\":\"https:\\\/\\\/funerariaconceptochile.cl\\\/product\\\/florero-recto-marmol-20x15-cm-2\\\/#breadcrumb\",\"itemListElement\":[{\"@type\":\"ListItem\",\"position\":1,\"name\":\"Portada\",\"item\":\"https:\\\/\\\/funerariaconceptochile.cl\\\/\"},{\"@type\":\"ListItem\",\"position\":2,\"name\":\"Accesorios\",\"item\":\"https:\\\/\\\/funerariaconceptochile.cl\\\/tienda-accesorios-funerarios\\\/\"},{\"@type\":\"ListItem\",\"position\":3,\"name\":\"Florero recto marmol 20&#215;15 cm\"}]},{\"@type\":\"WebSite\",\"@id\":\"https:\\\/\\\/funerariaconceptochile.cl\\\/#website\",\"url\":\"https:\\\/\\\/funerariaconceptochile.cl\\\/\",\"name\":\"\",\"description\":\"\",\"potentialAction\":[{\"@type\":\"SearchAction\",\"target\":{\"@type\":\"EntryPoint\",\"urlTemplate\":\"https:\\\/\\\/funerariaconceptochile.cl\\\/?s={search_term_string}\"},\"query-input\":{\"@type\":\"PropertyValueSpecification\",\"valueRequired\":true,\"valueName\":\"search_term_string\"}}],\"inLanguage\":\"es\"}]}<\/script>\n<!-- \/ Yoast SEO plugin. -->","yoast_head_json":{"title":"Florero recto marmol 20x15 cm -","robots":{"index":"index","follow":"follow","max-snippet":"max-snippet:-1","max-image-preview":"max-image-preview:large","max-video-preview":"max-video-preview:-1"},"canonical":"https:\/\/funerariaconceptochile.cl\/es\/product\/florero-recto-marmol-20x15-cm-2\/","og_locale":"es_ES","og_type":"article","og_title":"Florero recto marmol 20x15 cm -","og_description":"Solucionamos las distintas necesidades y requerimientos de nuestros clientes, con acabados m\u00e1s profesionales y facilidades de pago.      Para trabajos especiales y a medida, por favor no dude en comunicarse con nosotros.","og_url":"https:\/\/funerariaconceptochile.cl\/es\/product\/florero-recto-marmol-20x15-cm-2\/","article_modified_time":"2026-06-23T22:30:37+00:00","og_image":[{"width":1200,"height":1200,"url":"https:\/\/funerariaconceptochile.cl\/wp-content\/uploads\/2024\/04\/153.png","type":"image\/png"}],"twitter_card":"summary_large_image","schema":{"@context":"https:\/\/schema.org","@graph":[{"@type":"WebPage","@id":"https:\/\/funerariaconceptochile.cl\/product\/florero-recto-marmol-20x15-cm-2\/","url":"https:\/\/funerariaconceptochile.cl\/product\/florero-recto-marmol-20x15-cm-2\/","name":"Florero recto marmol 20x15 cm -","isPartOf":{"@id":"https:\/\/funerariaconceptochile.cl\/#website"},"primaryImageOfPage":{"@id":"https:\/\/funerariaconceptochile.cl\/product\/florero-recto-marmol-20x15-cm-2\/#primaryimage"},"image":{"@id":"https:\/\/funerariaconceptochile.cl\/product\/florero-recto-marmol-20x15-cm-2\/#primaryimage"},"thumbnailUrl":"https:\/\/funerariaconceptochile.cl\/wp-content\/uploads\/2024\/04\/153.png","datePublished":"2024-04-25T22:42:58+00:00","dateModified":"2026-06-23T22:30:37+00:00","breadcrumb":{"@id":"https:\/\/funerariaconceptochile.cl\/product\/florero-recto-marmol-20x15-cm-2\/#breadcrumb"},"inLanguage":"es","potentialAction":[{"@type":"ReadAction","target":["https:\/\/funerariaconceptochile.cl\/product\/florero-recto-marmol-20x15-cm-2\/"]}]},{"@type":"ImageObject","inLanguage":"es","@id":"https:\/\/funerariaconceptochile.cl\/product\/florero-recto-marmol-20x15-cm-2\/#primaryimage","url":"https:\/\/funerariaconceptochile.cl\/wp-content\/uploads\/2024\/04\/153.png","contentUrl":"https:\/\/funerariaconceptochile.cl\/wp-content\/uploads\/2024\/04\/153.png","width":1200,"height":1200},{"@type":"BreadcrumbList","@id":"https:\/\/funerariaconceptochile.cl\/product\/florero-recto-marmol-20x15-cm-2\/#breadcrumb","itemListElement":[{"@type":"ListItem","position":1,"name":"Portada","item":"https:\/\/funerariaconceptochile.cl\/"},{"@type":"ListItem","position":2,"name":"Accesorios","item":"https:\/\/funerariaconceptochile.cl\/tienda-accesorios-funerarios\/"},{"@type":"ListItem","position":3,"name":"Florero recto marmol 20&#215;15 cm"}]},{"@type":"WebSite","@id":"https:\/\/funerariaconceptochile.cl\/#website","url":"https:\/\/funerariaconceptochile.cl\/","name":"","description":"","potentialAction":[{"@type":"SearchAction","target":{"@type":"EntryPoint","urlTemplate":"https:\/\/funerariaconceptochile.cl\/?s={search_term_string}"},"query-input":{"@type":"PropertyValueSpecification","valueRequired":true,"valueName":"search_term_string"}}],"inLanguage":"es"}]}},"_links":{"self":[{"href":"https:\/\/funerariaconceptochile.cl\/es\/wp-json\/wp\/v2\/product\/8759","targetHints":{"allow":["GET"]}}],"collection":[{"href":"https:\/\/funerariaconceptochile.cl\/es\/wp-json\/wp\/v2\/product"}],"about":[{"href":"https:\/\/funerariaconceptochile.cl\/es\/wp-json\/wp\/v2\/types\/product"}],"replies":[{"embeddable":true,"href":"https:\/\/funerariaconceptochile.cl\/es\/wp-json\/wp\/v2\/comments?post=8759"}],"wp:featuredmedia":[{"embeddable":true,"href":"https:\/\/funerariaconceptochile.cl\/es\/wp-json\/wp\/v2\/media\/8754"}],"wp:attachment":[{"href":"https:\/\/funerariaconceptochile.cl\/es\/wp-json\/wp\/v2\/media?parent=8759"}],"wp:term":[{"taxonomy":"product_brand","embeddable":true,"href":"https:\/\/funerariaconceptochile.cl\/es\/wp-json\/wp\/v2\/product_brand?post=8759"},{"taxonomy":"product_cat","embeddable":true,"href":"https:\/\/funerariaconceptochile.cl\/es\/wp-json\/wp\/v2\/product_cat?post=8759"},{"taxonomy":"product_tag","embeddable":true,"href":"https:\/\/funerariaconceptochile.cl\/es\/wp-json\/wp\/v2\/product_tag?post=8759"}],"curies":[{"name":"wp","href":"https:\/\/api.w.org\/{rel}","templated":true}]}}

<p>accesorio embellecedor para sepultura de cementerio, florero recto marmol 20&#215;15 cm, fabricación y despacho 10 días después de realizada su compra, principales usos cementerio, parque cementerio, embellecimiento de sepulturas, bóvedas, nichos, decoración de iglesias y centros religiosos</p>

<ul>
<li>Solucionamos las distintas necesidades y requerimientos de nuestros clientes, con acabados más profesionales y facilidades de pago.</li>
<li>Para trabajos especiales y a medida, por favor no dude en comunicarse con nosotros.</li>
</ul>

<!-- This site is optimized with the Yoast SEO plugin v28.4 - https://yoast.com/product/yoast-seo-wordpress/ -->
<title>Florero recto marmol 20x15 cm -</title>
<meta name="robots" content="index, follow, max-snippet:-1, max-image-preview:large, max-video-preview:-1" />
<link rel="canonical" href="https://funerariaconceptochile.cl/es/product/florero-recto-marmol-20x15-cm-2/" />
<meta property="og:locale" content="es_ES" />
<meta property="og:type" content="article" />
<meta property="og:title" content="Florero recto marmol 20x15 cm -" />
<meta property="og:description" content="Solucionamos las distintas necesidades y requerimientos de nuestros clientes, con acabados más profesionales y facilidades de pago.      Para trabajos especiales y a medida, por favor no dude en comunicarse con nosotros." />
<meta property="og:url" content="https://funerariaconceptochile.cl/es/product/florero-recto-marmol-20x15-cm-2/" />
<meta property="article:modified_time" content="2026-06-23T22:30:37+00:00" />
<meta property="og:image" content="https://funerariaconceptochile.cl/wp-content/uploads/2024/04/153.png" />
	<meta property="og:image:width" content="1200" />
	<meta property="og:image:height" content="1200" />
	<meta property="og:image:type" content="image/png" />
<meta name="twitter:card" content="summary_large_image" />
<script type="application/ld+json" class="yoast-schema-graph">{"@context":"https:\/\/schema.org","@graph":[{"@type":"WebPage","@id":"https:\/\/funerariaconceptochile.cl\/product\/florero-recto-marmol-20x15-cm-2\/","url":"https:\/\/funerariaconceptochile.cl\/product\/florero-recto-marmol-20x15-cm-2\/","name":"Florero recto marmol 20x15 cm -","isPartOf":{"@id":"https:\/\/funerariaconceptochile.cl\/#website"},"primaryImageOfPage":{"@id":"https:\/\/funerariaconceptochile.cl\/product\/florero-recto-marmol-20x15-cm-2\/#primaryimage"},"image":{"@id":"https:\/\/funerariaconceptochile.cl\/product\/florero-recto-marmol-20x15-cm-2\/#primaryimage"},"thumbnailUrl":"https:\/\/funerariaconceptochile.cl\/wp-content\/uploads\/2024\/04\/153.png","datePublished":"2024-04-25T22:42:58+00:00","dateModified":"2026-06-23T22:30:37+00:00","breadcrumb":{"@id":"https:\/\/funerariaconceptochile.cl\/product\/florero-recto-marmol-20x15-cm-2\/#breadcrumb"},"inLanguage":"es","potentialAction":[{"@type":"ReadAction","target":["https:\/\/funerariaconceptochile.cl\/product\/florero-recto-marmol-20x15-cm-2\/"]}]},{"@type":"ImageObject","inLanguage":"es","@id":"https:\/\/funerariaconceptochile.cl\/product\/florero-recto-marmol-20x15-cm-2\/#primaryimage","url":"https:\/\/funerariaconceptochile.cl\/wp-content\/uploads\/2024\/04\/153.png","contentUrl":"https:\/\/funerariaconceptochile.cl\/wp-content\/uploads\/2024\/04\/153.png","width":1200,"height":1200},{"@type":"BreadcrumbList","@id":"https:\/\/funerariaconceptochile.cl\/product\/florero-recto-marmol-20x15-cm-2\/#breadcrumb","itemListElement":[{"@type":"ListItem","position":1,"name":"Portada","item":"https:\/\/funerariaconceptochile.cl\/"},{"@type":"ListItem","position":2,"name":"Accesorios","item":"https:\/\/funerariaconceptochile.cl\/tienda-accesorios-funerarios\/"},{"@type":"ListItem","position":3,"name":"Florero recto marmol 20&#215;15 cm"}]},{"@type":"WebSite","@id":"https:\/\/funerariaconceptochile.cl\/#website","url":"https:\/\/funerariaconceptochile.cl\/","name":"","description":"","potentialAction":[{"@type":"SearchAction","target":{"@type":"EntryPoint","urlTemplate":"https:\/\/funerariaconceptochile.cl\/?s={search_term_string}"},"query-input":{"@type":"PropertyValueSpecification","valueRequired":true,"valueName":"search_term_string"}}],"inLanguage":"es"}]}</script>
<!-- / Yoast SEO plugin. -->

Solucionamos las distintas necesidades y requerimientos de nuestros clientes, con acabados más profesionales y facilidades de pago.      Para trabajos especiales y a medida, por favor no dude en comunicarse con nosotros.
