{"id":7193,"date":"2023-01-27T23:17:58","date_gmt":"2023-01-27T23:17:58","guid":{"rendered":"https:\/\/funerariaconceptochile.cl\/?post_type=product&#038;p=7193"},"modified":"2025-07-25T14:06:05","modified_gmt":"2025-07-25T18:06:05","slug":"concepto-500","status":"publish","type":"product","link":"https:\/\/funerariaconceptochile.cl\/es\/product\/concepto-500\/","title":{"rendered":"L\u00ednea Gold \u2013 Superior"},"content":{"rendered":"","protected":false},"excerpt":{"rendered":"<div class=\"product-short-description\">\n<p><strong>Alternativa, servicio funerario inicial<\/strong><\/p>\n<ul>\n<li>F\u00e9retro\/ ata\u00fad calidad de acuerdo con l\u00ednea seleccionada<\/li>\n<li>Personal funerario<\/li>\n<li>Asistencia al deceso y preparaci\u00f3n inicial de familiar fallecido<\/li>\n<li>Realizamos las diligencias de defunci\u00f3n en registro civil<\/li>\n<li>Equipo velatorio de madera con luces c\u00e1lidas<\/li>\n<li>Libro de condolencias f\u00edsico<\/li>\n<li>Obituario en p\u00e1gina web y redes sociales<\/li>\n<li>tarjetas para agradecimiento de condolencias<\/li>\n<li>Carroza panor\u00e1mica para funeral<\/li>\n<li>Cruz de madera grabada para cementerio<\/li>\n<\/ul>\n<p>&nbsp;<\/p>\n<p><strong>Alternativa servicio funerario homenaje<\/strong><\/p>\n<ul>\n<li>F\u00e9retro\/ ata\u00fad calidad de acuerdo con l\u00ednea seleccionada<\/li>\n<li>Personal funerario<\/li>\n<li>Asistencia al deceso y preparaci\u00f3n inicial de familiar fallecido<\/li>\n<li>Realizamos las diligencias de defunci\u00f3n en registro civil<\/li>\n<li>Equipo velatorio de madera con luces c\u00e1lidas\/ alternativa de equipo velatorio de madera capilla ardiente con cirios<\/li>\n<li>Libro de condolencias f\u00edsico<\/li>\n<li>Obituario en p\u00e1gina web y redes sociales<\/li>\n<li>tarjetas para agradecimiento de condolencias<\/li>\n<li>Carroza panor\u00e1mica para Funeral<\/li>\n<li>Cruz de madera grabada para cementerio<\/li>\n<li>1 servicio de cafeter\u00eda inicial<\/li>\n<li>1 cuadro con fotograf\u00eda de recuerdo<\/li>\n<li>\u00a01 cirio<\/li>\n<li>1 arreglo floral<\/li>\n<li>1 auto escolta\/ alternativa 1 van de acompa\u00f1amiento para traslado de pasajeros a cementerio (ida y vuelta)<\/li>\n<\/ul>\n<\/div>","protected":false},"featured_media":7241,"comment_status":"open","ping_status":"closed","template":"","meta":[],"product_brand":[],"product_cat":[74],"product_tag":[],"class_list":{"0":"post-7193","1":"product","2":"type-product","3":"status-publish","4":"has-post-thumbnail","6":"product_cat-servicios","8":"first","9":"instock","10":"shipping-taxable","11":"purchasable","12":"product-type-variable"},"yoast_head":"<!-- This site is optimized with the Yoast SEO plugin v27.4 - https:\/\/yoast.com\/product\/yoast-seo-wordpress\/ -->\n<title>L\u00ednea Gold \u2013 Superior - Funeraria Concepto<\/title>\n<meta name=\"robots\" content=\"index, follow, max-snippet:-1, max-image-preview:large, max-video-preview:-1\" \/>\n<link rel=\"canonical\" href=\"https:\/\/funerariaconceptochile.cl\/es\/product\/concepto-500\/\" \/>\n<meta property=\"og:locale\" content=\"es_ES\" \/>\n<meta property=\"og:type\" content=\"article\" \/>\n<meta property=\"og:title\" content=\"L\u00ednea Gold \u2013 Superior - Funeraria Concepto\" \/>\n<meta property=\"og:description\" content=\"Alternativa, servicio funerario inicial   F\u00e9retro\/ ata\u00fad calidad de acuerdo con l\u00ednea seleccionada  Personal funerario  Asistencia al deceso y preparaci\u00f3n inicial de familiar fallecido  Realizamos las diligencias de defunci\u00f3n en registro civil  Equipo velatorio de madera con luces c\u00e1lidas  Libro de condolencias f\u00edsico  Obituario en p\u00e1gina web y redes sociales  tarjetas para agradecimiento de condolencias  Carroza panor\u00e1mica para funeral  Cruz de madera grabada para cementerio  &nbsp;  Alternativa servicio funerario homenaje   F\u00e9retro\/ ata\u00fad calidad de acuerdo con l\u00ednea seleccionada  Personal funerario  Asistencia al deceso y preparaci\u00f3n inicial de familiar fallecido  Realizamos las diligencias de defunci\u00f3n en registro civil  Equipo velatorio de madera con luces c\u00e1lidas\/ alternativa de equipo velatorio de madera capilla ardiente con cirios  Libro de condolencias f\u00edsico  Obituario en p\u00e1gina web y redes sociales  tarjetas para agradecimiento de condolencias  Carroza panor\u00e1mica para Funeral  Cruz de madera grabada para cementerio  1 servicio de cafeter\u00eda inicial  1 cuadro con fotograf\u00eda de recuerdo  \u00a01 cirio  1 arreglo floral  1 auto escolta\/ alternativa 1 van de acompa\u00f1amiento para traslado de pasajeros a cementerio (ida y vuelta)\" \/>\n<meta property=\"og:url\" content=\"https:\/\/funerariaconceptochile.cl\/es\/product\/concepto-500\/\" \/>\n<meta property=\"og:site_name\" content=\"Funeraria Concepto\" \/>\n<meta property=\"article:modified_time\" content=\"2025-07-25T18:06:05+00:00\" \/>\n<meta property=\"og:image\" content=\"https:\/\/funerariaconceptochile.cl\/wp-content\/uploads\/2023\/01\/IMG-0465-scaled.jpg\" \/>\n\t<meta property=\"og:image:width\" content=\"1920\" \/>\n\t<meta property=\"og:image:height\" content=\"2560\" \/>\n\t<meta property=\"og:image:type\" content=\"image\/jpeg\" \/>\n<meta name=\"twitter:card\" content=\"summary_large_image\" \/>\n<meta name=\"twitter:label1\" content=\"Tiempo de lectura\" \/>\n\t<meta name=\"twitter:data1\" content=\"1 minuto\" \/>\n<script type=\"application\/ld+json\" class=\"yoast-schema-graph\">{\"@context\":\"https:\\\/\\\/schema.org\",\"@graph\":[{\"@type\":\"WebPage\",\"@id\":\"https:\\\/\\\/funerariaconceptochile.cl\\\/product\\\/concepto-500\\\/\",\"url\":\"https:\\\/\\\/funerariaconceptochile.cl\\\/product\\\/concepto-500\\\/\",\"name\":\"L\u00ednea Gold \u2013 Superior - Funeraria Concepto\",\"isPartOf\":{\"@id\":\"https:\\\/\\\/funerariaconceptochile.cl\\\/#website\"},\"primaryImageOfPage\":{\"@id\":\"https:\\\/\\\/funerariaconceptochile.cl\\\/product\\\/concepto-500\\\/#primaryimage\"},\"image\":{\"@id\":\"https:\\\/\\\/funerariaconceptochile.cl\\\/product\\\/concepto-500\\\/#primaryimage\"},\"thumbnailUrl\":\"https:\\\/\\\/funerariaconceptochile.cl\\\/wp-content\\\/uploads\\\/2023\\\/01\\\/IMG-0465-scaled.jpg\",\"datePublished\":\"2023-01-27T23:17:58+00:00\",\"dateModified\":\"2025-07-25T18:06:05+00:00\",\"breadcrumb\":{\"@id\":\"https:\\\/\\\/funerariaconceptochile.cl\\\/product\\\/concepto-500\\\/#breadcrumb\"},\"inLanguage\":\"es\",\"potentialAction\":[{\"@type\":\"ReadAction\",\"target\":[\"https:\\\/\\\/funerariaconceptochile.cl\\\/product\\\/concepto-500\\\/\"]}]},{\"@type\":\"ImageObject\",\"inLanguage\":\"es\",\"@id\":\"https:\\\/\\\/funerariaconceptochile.cl\\\/product\\\/concepto-500\\\/#primaryimage\",\"url\":\"https:\\\/\\\/funerariaconceptochile.cl\\\/wp-content\\\/uploads\\\/2023\\\/01\\\/IMG-0465-scaled.jpg\",\"contentUrl\":\"https:\\\/\\\/funerariaconceptochile.cl\\\/wp-content\\\/uploads\\\/2023\\\/01\\\/IMG-0465-scaled.jpg\",\"width\":1920,\"height\":2560},{\"@type\":\"BreadcrumbList\",\"@id\":\"https:\\\/\\\/funerariaconceptochile.cl\\\/product\\\/concepto-500\\\/#breadcrumb\",\"itemListElement\":[{\"@type\":\"ListItem\",\"position\":1,\"name\":\"Portada\",\"item\":\"https:\\\/\\\/funerariaconceptochile.cl\\\/\"},{\"@type\":\"ListItem\",\"position\":2,\"name\":\"Accesorios\",\"item\":\"https:\\\/\\\/funerariaconceptochile.cl\\\/shop\\\/\"},{\"@type\":\"ListItem\",\"position\":3,\"name\":\"L\u00ednea Gold \u2013 Superior\"}]},{\"@type\":\"WebSite\",\"@id\":\"https:\\\/\\\/funerariaconceptochile.cl\\\/#website\",\"url\":\"https:\\\/\\\/funerariaconceptochile.cl\\\/\",\"name\":\"Funeraria Concepto\",\"description\":\"\",\"potentialAction\":[{\"@type\":\"SearchAction\",\"target\":{\"@type\":\"EntryPoint\",\"urlTemplate\":\"https:\\\/\\\/funerariaconceptochile.cl\\\/?s={search_term_string}\"},\"query-input\":{\"@type\":\"PropertyValueSpecification\",\"valueRequired\":true,\"valueName\":\"search_term_string\"}}],\"inLanguage\":\"es\"}]}<\/script>\n<!-- \/ Yoast SEO plugin. -->","yoast_head_json":{"title":"L\u00ednea Gold \u2013 Superior - Funeraria Concepto","robots":{"index":"index","follow":"follow","max-snippet":"max-snippet:-1","max-image-preview":"max-image-preview:large","max-video-preview":"max-video-preview:-1"},"canonical":"https:\/\/funerariaconceptochile.cl\/es\/product\/concepto-500\/","og_locale":"es_ES","og_type":"article","og_title":"L\u00ednea Gold \u2013 Superior - Funeraria Concepto","og_description":"Alternativa, servicio funerario inicial   F\u00e9retro\/ ata\u00fad calidad de acuerdo con l\u00ednea seleccionada  Personal funerario  Asistencia al deceso y preparaci\u00f3n inicial de familiar fallecido  Realizamos las diligencias de defunci\u00f3n en registro civil  Equipo velatorio de madera con luces c\u00e1lidas  Libro de condolencias f\u00edsico  Obituario en p\u00e1gina web y redes sociales  tarjetas para agradecimiento de condolencias  Carroza panor\u00e1mica para funeral  Cruz de madera grabada para cementerio  &nbsp;  Alternativa servicio funerario homenaje   F\u00e9retro\/ ata\u00fad calidad de acuerdo con l\u00ednea seleccionada  Personal funerario  Asistencia al deceso y preparaci\u00f3n inicial de familiar fallecido  Realizamos las diligencias de defunci\u00f3n en registro civil  Equipo velatorio de madera con luces c\u00e1lidas\/ alternativa de equipo velatorio de madera capilla ardiente con cirios  Libro de condolencias f\u00edsico  Obituario en p\u00e1gina web y redes sociales  tarjetas para agradecimiento de condolencias  Carroza panor\u00e1mica para Funeral  Cruz de madera grabada para cementerio  1 servicio de cafeter\u00eda inicial  1 cuadro con fotograf\u00eda de recuerdo  \u00a01 cirio  1 arreglo floral  1 auto escolta\/ alternativa 1 van de acompa\u00f1amiento para traslado de pasajeros a cementerio (ida y vuelta)","og_url":"https:\/\/funerariaconceptochile.cl\/es\/product\/concepto-500\/","og_site_name":"Funeraria Concepto","article_modified_time":"2025-07-25T18:06:05+00:00","og_image":[{"width":1920,"height":2560,"url":"https:\/\/funerariaconceptochile.cl\/wp-content\/uploads\/2023\/01\/IMG-0465-scaled.jpg","type":"image\/jpeg"}],"twitter_card":"summary_large_image","twitter_misc":{"Tiempo de lectura":"1 minuto"},"schema":{"@context":"https:\/\/schema.org","@graph":[{"@type":"WebPage","@id":"https:\/\/funerariaconceptochile.cl\/product\/concepto-500\/","url":"https:\/\/funerariaconceptochile.cl\/product\/concepto-500\/","name":"L\u00ednea Gold \u2013 Superior - Funeraria Concepto","isPartOf":{"@id":"https:\/\/funerariaconceptochile.cl\/#website"},"primaryImageOfPage":{"@id":"https:\/\/funerariaconceptochile.cl\/product\/concepto-500\/#primaryimage"},"image":{"@id":"https:\/\/funerariaconceptochile.cl\/product\/concepto-500\/#primaryimage"},"thumbnailUrl":"https:\/\/funerariaconceptochile.cl\/wp-content\/uploads\/2023\/01\/IMG-0465-scaled.jpg","datePublished":"2023-01-27T23:17:58+00:00","dateModified":"2025-07-25T18:06:05+00:00","breadcrumb":{"@id":"https:\/\/funerariaconceptochile.cl\/product\/concepto-500\/#breadcrumb"},"inLanguage":"es","potentialAction":[{"@type":"ReadAction","target":["https:\/\/funerariaconceptochile.cl\/product\/concepto-500\/"]}]},{"@type":"ImageObject","inLanguage":"es","@id":"https:\/\/funerariaconceptochile.cl\/product\/concepto-500\/#primaryimage","url":"https:\/\/funerariaconceptochile.cl\/wp-content\/uploads\/2023\/01\/IMG-0465-scaled.jpg","contentUrl":"https:\/\/funerariaconceptochile.cl\/wp-content\/uploads\/2023\/01\/IMG-0465-scaled.jpg","width":1920,"height":2560},{"@type":"BreadcrumbList","@id":"https:\/\/funerariaconceptochile.cl\/product\/concepto-500\/#breadcrumb","itemListElement":[{"@type":"ListItem","position":1,"name":"Portada","item":"https:\/\/funerariaconceptochile.cl\/"},{"@type":"ListItem","position":2,"name":"Accesorios","item":"https:\/\/funerariaconceptochile.cl\/shop\/"},{"@type":"ListItem","position":3,"name":"L\u00ednea Gold \u2013 Superior"}]},{"@type":"WebSite","@id":"https:\/\/funerariaconceptochile.cl\/#website","url":"https:\/\/funerariaconceptochile.cl\/","name":"Funeraria Concepto","description":"","potentialAction":[{"@type":"SearchAction","target":{"@type":"EntryPoint","urlTemplate":"https:\/\/funerariaconceptochile.cl\/?s={search_term_string}"},"query-input":{"@type":"PropertyValueSpecification","valueRequired":true,"valueName":"search_term_string"}}],"inLanguage":"es"}]}},"_links":{"self":[{"href":"https:\/\/funerariaconceptochile.cl\/es\/wp-json\/wp\/v2\/product\/7193","targetHints":{"allow":["GET"]}}],"collection":[{"href":"https:\/\/funerariaconceptochile.cl\/es\/wp-json\/wp\/v2\/product"}],"about":[{"href":"https:\/\/funerariaconceptochile.cl\/es\/wp-json\/wp\/v2\/types\/product"}],"replies":[{"embeddable":true,"href":"https:\/\/funerariaconceptochile.cl\/es\/wp-json\/wp\/v2\/comments?post=7193"}],"wp:featuredmedia":[{"embeddable":true,"href":"https:\/\/funerariaconceptochile.cl\/es\/wp-json\/wp\/v2\/media\/7241"}],"wp:attachment":[{"href":"https:\/\/funerariaconceptochile.cl\/es\/wp-json\/wp\/v2\/media?parent=7193"}],"wp:term":[{"taxonomy":"product_brand","embeddable":true,"href":"https:\/\/funerariaconceptochile.cl\/es\/wp-json\/wp\/v2\/product_brand?post=7193"},{"taxonomy":"product_cat","embeddable":true,"href":"https:\/\/funerariaconceptochile.cl\/es\/wp-json\/wp\/v2\/product_cat?post=7193"},{"taxonomy":"product_tag","embeddable":true,"href":"https:\/\/funerariaconceptochile.cl\/es\/wp-json\/wp\/v2\/product_tag?post=7193"}],"curies":[{"name":"wp","href":"https:\/\/api.w.org\/{rel}","templated":true}]}}

Línea Gold – Superior

<div class="product-short-description">
<p><strong>Alternativa, servicio funerario inicial</strong></p>
<ul>
<li>Féretro/ ataúd calidad de acuerdo con línea seleccionada</li>
<li>Personal funerario</li>
<li>Asistencia al deceso y preparación inicial de familiar fallecido</li>
<li>Realizamos las diligencias de defunción en registro civil</li>
<li>Equipo velatorio de madera con luces cálidas</li>
<li>Libro de condolencias físico</li>
<li>Obituario en página web y redes sociales</li>
<li>tarjetas para agradecimiento de condolencias</li>
<li>Carroza panorámica para funeral</li>
<li>Cruz de madera grabada para cementerio</li>
</ul>
<p>&nbsp;</p>
<p><strong>Alternativa servicio funerario homenaje</strong></p>
<ul>
<li>Féretro/ ataúd calidad de acuerdo con línea seleccionada</li>
<li>Personal funerario</li>
<li>Asistencia al deceso y preparación inicial de familiar fallecido</li>
<li>Realizamos las diligencias de defunción en registro civil</li>
<li>Equipo velatorio de madera con luces cálidas/ alternativa de equipo velatorio de madera capilla ardiente con cirios</li>
<li>Libro de condolencias físico</li>
<li>Obituario en página web y redes sociales</li>
<li>tarjetas para agradecimiento de condolencias</li>
<li>Carroza panorámica para Funeral</li>
<li>Cruz de madera grabada para cementerio</li>
<li>1 servicio de cafetería inicial</li>
<li>1 cuadro con fotografía de recuerdo</li>
<li> 1 cirio</li>
<li>1 arreglo floral</li>
<li>1 auto escolta/ alternativa 1 van de acompañamiento para traslado de pasajeros a cementerio (ida y vuelta)</li>
</ul>
</div>

<!-- This site is optimized with the Yoast SEO plugin v27.4 - https://yoast.com/product/yoast-seo-wordpress/ -->
<title>Línea Gold – Superior - Funeraria Concepto</title>
<meta name="robots" content="index, follow, max-snippet:-1, max-image-preview:large, max-video-preview:-1" />
<link rel="canonical" href="https://funerariaconceptochile.cl/es/product/concepto-500/" />
<meta property="og:locale" content="es_ES" />
<meta property="og:type" content="article" />
<meta property="og:title" content="Línea Gold – Superior - Funeraria Concepto" />
<meta property="og:description" content="Alternativa, servicio funerario inicial   Féretro/ ataúd calidad de acuerdo con línea seleccionada  Personal funerario  Asistencia al deceso y preparación inicial de familiar fallecido  Realizamos las diligencias de defunción en registro civil  Equipo velatorio de madera con luces cálidas  Libro de condolencias físico  Obituario en página web y redes sociales  tarjetas para agradecimiento de condolencias  Carroza panorámica para funeral  Cruz de madera grabada para cementerio  &nbsp;  Alternativa servicio funerario homenaje   Féretro/ ataúd calidad de acuerdo con línea seleccionada  Personal funerario  Asistencia al deceso y preparación inicial de familiar fallecido  Realizamos las diligencias de defunción en registro civil  Equipo velatorio de madera con luces cálidas/ alternativa de equipo velatorio de madera capilla ardiente con cirios  Libro de condolencias físico  Obituario en página web y redes sociales  tarjetas para agradecimiento de condolencias  Carroza panorámica para Funeral  Cruz de madera grabada para cementerio  1 servicio de cafetería inicial  1 cuadro con fotografía de recuerdo   1 cirio  1 arreglo floral  1 auto escolta/ alternativa 1 van de acompañamiento para traslado de pasajeros a cementerio (ida y vuelta)" />
<meta property="og:url" content="https://funerariaconceptochile.cl/es/product/concepto-500/" />
<meta property="og:site_name" content="Funeraria Concepto" />
<meta property="article:modified_time" content="2025-07-25T18:06:05+00:00" />
<meta property="og:image" content="https://funerariaconceptochile.cl/wp-content/uploads/2023/01/IMG-0465-scaled.jpg" />
	<meta property="og:image:width" content="1920" />
	<meta property="og:image:height" content="2560" />
	<meta property="og:image:type" content="image/jpeg" />
<meta name="twitter:card" content="summary_large_image" />
<meta name="twitter:label1" content="Tiempo de lectura" />
	<meta name="twitter:data1" content="1 minuto" />
<script type="application/ld+json" class="yoast-schema-graph">{"@context":"https:\/\/schema.org","@graph":[{"@type":"WebPage","@id":"https:\/\/funerariaconceptochile.cl\/product\/concepto-500\/","url":"https:\/\/funerariaconceptochile.cl\/product\/concepto-500\/","name":"Línea Gold – Superior - Funeraria Concepto","isPartOf":{"@id":"https:\/\/funerariaconceptochile.cl\/#website"},"primaryImageOfPage":{"@id":"https:\/\/funerariaconceptochile.cl\/product\/concepto-500\/#primaryimage"},"image":{"@id":"https:\/\/funerariaconceptochile.cl\/product\/concepto-500\/#primaryimage"},"thumbnailUrl":"https:\/\/funerariaconceptochile.cl\/wp-content\/uploads\/2023\/01\/IMG-0465-scaled.jpg","datePublished":"2023-01-27T23:17:58+00:00","dateModified":"2025-07-25T18:06:05+00:00","breadcrumb":{"@id":"https:\/\/funerariaconceptochile.cl\/product\/concepto-500\/#breadcrumb"},"inLanguage":"es","potentialAction":[{"@type":"ReadAction","target":["https:\/\/funerariaconceptochile.cl\/product\/concepto-500\/"]}]},{"@type":"ImageObject","inLanguage":"es","@id":"https:\/\/funerariaconceptochile.cl\/product\/concepto-500\/#primaryimage","url":"https:\/\/funerariaconceptochile.cl\/wp-content\/uploads\/2023\/01\/IMG-0465-scaled.jpg","contentUrl":"https:\/\/funerariaconceptochile.cl\/wp-content\/uploads\/2023\/01\/IMG-0465-scaled.jpg","width":1920,"height":2560},{"@type":"BreadcrumbList","@id":"https:\/\/funerariaconceptochile.cl\/product\/concepto-500\/#breadcrumb","itemListElement":[{"@type":"ListItem","position":1,"name":"Portada","item":"https:\/\/funerariaconceptochile.cl\/"},{"@type":"ListItem","position":2,"name":"Accesorios","item":"https:\/\/funerariaconceptochile.cl\/shop\/"},{"@type":"ListItem","position":3,"name":"Línea Gold – Superior"}]},{"@type":"WebSite","@id":"https:\/\/funerariaconceptochile.cl\/#website","url":"https:\/\/funerariaconceptochile.cl\/","name":"Funeraria Concepto","description":"","potentialAction":[{"@type":"SearchAction","target":{"@type":"EntryPoint","urlTemplate":"https:\/\/funerariaconceptochile.cl\/?s={search_term_string}"},"query-input":{"@type":"PropertyValueSpecification","valueRequired":true,"valueName":"search_term_string"}}],"inLanguage":"es"}]}</script>
<!-- / Yoast SEO plugin. -->

Línea Gold – Superior - Funeraria Concepto

Alternativa, servicio funerario inicial   Féretro/ ataúd calidad de acuerdo con línea seleccionada  Personal funerario  Asistencia al deceso y preparación inicial de familiar fallecido  Realizamos las diligencias de defunción en registro civil  Equipo velatorio de madera con luces cálidas  Libro de condolencias físico  Obituario en página web y redes sociales  tarjetas para agradecimiento de condolencias  Carroza panorámica para funeral  Cruz de madera grabada para cementerio  &nbsp;  Alternativa servicio funerario homenaje   Féretro/ ataúd calidad de acuerdo con línea seleccionada  Personal funerario  Asistencia al deceso y preparación inicial de familiar fallecido  Realizamos las diligencias de defunción en registro civil  Equipo velatorio de madera con luces cálidas/ alternativa de equipo velatorio de madera capilla ardiente con cirios  Libro de condolencias físico  Obituario en página web y redes sociales  tarjetas para agradecimiento de condolencias  Carroza panorámica para Funeral  Cruz de madera grabada para cementerio  1 servicio de cafetería inicial  1 cuadro con fotografía de recuerdo   1 cirio  1 arreglo floral  1 auto escolta/ alternativa 1 van de acompañamiento para traslado de pasajeros a cementerio (ida y vuelta)
