{"id":10707,"date":"2025-07-10T13:42:19","date_gmt":"2025-07-10T17:42:19","guid":{"rendered":"https:\/\/funerariaconceptochile.cl\/?post_type=product&#038;p=10707"},"modified":"2025-07-24T17:00:23","modified_gmt":"2025-07-24T21:00:23","slug":"sesion-psicoterapia-apoyo-duelo-grupal","status":"publish","type":"product","link":"https:\/\/funerariaconceptochile.cl\/es\/product\/sesion-psicoterapia-apoyo-duelo-grupal\/","title":{"rendered":"sesion psicoterapia apoyo duelo grupal"},"content":{"rendered":"<p>brindar apoyo psicol\u00f3gico profesional a las personas y familias que atraviesan procesos de duelo, a trav\u00e9s de sesiones de acompa\u00f1amiento online y espacios grupales \u2022Atenci\u00f3n especializada en duelo, entregada por profesionales con experiencia.<br \/>\n \u2022Modalidad online para mayor accesibilidad y comodidad de las personas atendidas.<br \/>\n \u2022Incorporaci\u00f3n de espacios grupales que favorecen la contenci\u00f3n colectiva.<\/p>","protected":false},"excerpt":{"rendered":"<p>brindar apoyo psicol\u00f3gico profesional a las personas y familias que atraviesan procesos de duelo, a trav\u00e9s de sesiones de acompa\u00f1amiento<\/p>","protected":false},"featured_media":10698,"comment_status":"open","ping_status":"closed","template":"","meta":[],"product_brand":[],"product_cat":[88],"product_tag":[],"class_list":{"0":"post-10707","1":"product","2":"type-product","3":"status-publish","4":"has-post-thumbnail","6":"product_cat-ceremonia-de-musica","8":"first","9":"instock","10":"shipping-taxable","11":"purchasable","12":"product-type-simple"},"yoast_head":"<!-- This site is optimized with the Yoast SEO plugin v27.4 - https:\/\/yoast.com\/product\/yoast-seo-wordpress\/ -->\n<title>sesion psicoterapia apoyo duelo grupal - Funeraria Concepto<\/title>\n<meta name=\"robots\" content=\"index, follow, max-snippet:-1, max-image-preview:large, max-video-preview:-1\" \/>\n<link rel=\"canonical\" href=\"https:\/\/funerariaconceptochile.cl\/es\/product\/sesion-psicoterapia-apoyo-duelo-grupal\/\" \/>\n<meta property=\"og:locale\" content=\"es_ES\" \/>\n<meta property=\"og:type\" content=\"article\" \/>\n<meta property=\"og:title\" content=\"sesion psicoterapia apoyo duelo grupal - Funeraria Concepto\" \/>\n<meta property=\"og:description\" content=\"brindar apoyo psicol\u00f3gico profesional a las personas y familias que atraviesan procesos de duelo, a trav\u00e9s de sesiones de acompa\u00f1amiento\" \/>\n<meta property=\"og:url\" content=\"https:\/\/funerariaconceptochile.cl\/es\/product\/sesion-psicoterapia-apoyo-duelo-grupal\/\" \/>\n<meta property=\"og:site_name\" content=\"Funeraria Concepto\" \/>\n<meta property=\"article:modified_time\" content=\"2025-07-24T21:00:23+00:00\" \/>\n<meta property=\"og:image\" content=\"https:\/\/funerariaconceptochile.cl\/wp-content\/uploads\/2025\/07\/276.png\" \/>\n\t<meta property=\"og:image:width\" content=\"851\" \/>\n\t<meta property=\"og:image:height\" content=\"851\" \/>\n\t<meta property=\"og:image:type\" content=\"image\/png\" \/>\n<meta name=\"twitter:card\" content=\"summary_large_image\" \/>\n<script type=\"application\/ld+json\" class=\"yoast-schema-graph\">{\"@context\":\"https:\\\/\\\/schema.org\",\"@graph\":[{\"@type\":\"WebPage\",\"@id\":\"https:\\\/\\\/funerariaconceptochile.cl\\\/product\\\/sesion-psicoterapia-apoyo-duelo-grupal\\\/\",\"url\":\"https:\\\/\\\/funerariaconceptochile.cl\\\/product\\\/sesion-psicoterapia-apoyo-duelo-grupal\\\/\",\"name\":\"sesion psicoterapia apoyo duelo grupal - Funeraria Concepto\",\"isPartOf\":{\"@id\":\"https:\\\/\\\/funerariaconceptochile.cl\\\/#website\"},\"primaryImageOfPage\":{\"@id\":\"https:\\\/\\\/funerariaconceptochile.cl\\\/product\\\/sesion-psicoterapia-apoyo-duelo-grupal\\\/#primaryimage\"},\"image\":{\"@id\":\"https:\\\/\\\/funerariaconceptochile.cl\\\/product\\\/sesion-psicoterapia-apoyo-duelo-grupal\\\/#primaryimage\"},\"thumbnailUrl\":\"https:\\\/\\\/funerariaconceptochile.cl\\\/wp-content\\\/uploads\\\/2025\\\/07\\\/276.png\",\"datePublished\":\"2025-07-10T17:42:19+00:00\",\"dateModified\":\"2025-07-24T21:00:23+00:00\",\"breadcrumb\":{\"@id\":\"https:\\\/\\\/funerariaconceptochile.cl\\\/product\\\/sesion-psicoterapia-apoyo-duelo-grupal\\\/#breadcrumb\"},\"inLanguage\":\"es\",\"potentialAction\":[{\"@type\":\"ReadAction\",\"target\":[\"https:\\\/\\\/funerariaconceptochile.cl\\\/product\\\/sesion-psicoterapia-apoyo-duelo-grupal\\\/\"]}]},{\"@type\":\"ImageObject\",\"inLanguage\":\"es\",\"@id\":\"https:\\\/\\\/funerariaconceptochile.cl\\\/product\\\/sesion-psicoterapia-apoyo-duelo-grupal\\\/#primaryimage\",\"url\":\"https:\\\/\\\/funerariaconceptochile.cl\\\/wp-content\\\/uploads\\\/2025\\\/07\\\/276.png\",\"contentUrl\":\"https:\\\/\\\/funerariaconceptochile.cl\\\/wp-content\\\/uploads\\\/2025\\\/07\\\/276.png\",\"width\":851,\"height\":851},{\"@type\":\"BreadcrumbList\",\"@id\":\"https:\\\/\\\/funerariaconceptochile.cl\\\/product\\\/sesion-psicoterapia-apoyo-duelo-grupal\\\/#breadcrumb\",\"itemListElement\":[{\"@type\":\"ListItem\",\"position\":1,\"name\":\"Portada\",\"item\":\"https:\\\/\\\/funerariaconceptochile.cl\\\/\"},{\"@type\":\"ListItem\",\"position\":2,\"name\":\"Accesorios\",\"item\":\"https:\\\/\\\/funerariaconceptochile.cl\\\/shop\\\/\"},{\"@type\":\"ListItem\",\"position\":3,\"name\":\"sesion psicoterapia apoyo duelo grupal\"}]},{\"@type\":\"WebSite\",\"@id\":\"https:\\\/\\\/funerariaconceptochile.cl\\\/#website\",\"url\":\"https:\\\/\\\/funerariaconceptochile.cl\\\/\",\"name\":\"Funeraria Concepto\",\"description\":\"\",\"potentialAction\":[{\"@type\":\"SearchAction\",\"target\":{\"@type\":\"EntryPoint\",\"urlTemplate\":\"https:\\\/\\\/funerariaconceptochile.cl\\\/?s={search_term_string}\"},\"query-input\":{\"@type\":\"PropertyValueSpecification\",\"valueRequired\":true,\"valueName\":\"search_term_string\"}}],\"inLanguage\":\"es\"}]}<\/script>\n<!-- \/ Yoast SEO plugin. -->","yoast_head_json":{"title":"sesion psicoterapia apoyo duelo grupal - Funeraria Concepto","robots":{"index":"index","follow":"follow","max-snippet":"max-snippet:-1","max-image-preview":"max-image-preview:large","max-video-preview":"max-video-preview:-1"},"canonical":"https:\/\/funerariaconceptochile.cl\/es\/product\/sesion-psicoterapia-apoyo-duelo-grupal\/","og_locale":"es_ES","og_type":"article","og_title":"sesion psicoterapia apoyo duelo grupal - Funeraria Concepto","og_description":"brindar apoyo psicol\u00f3gico profesional a las personas y familias que atraviesan procesos de duelo, a trav\u00e9s de sesiones de acompa\u00f1amiento","og_url":"https:\/\/funerariaconceptochile.cl\/es\/product\/sesion-psicoterapia-apoyo-duelo-grupal\/","og_site_name":"Funeraria Concepto","article_modified_time":"2025-07-24T21:00:23+00:00","og_image":[{"width":851,"height":851,"url":"https:\/\/funerariaconceptochile.cl\/wp-content\/uploads\/2025\/07\/276.png","type":"image\/png"}],"twitter_card":"summary_large_image","schema":{"@context":"https:\/\/schema.org","@graph":[{"@type":"WebPage","@id":"https:\/\/funerariaconceptochile.cl\/product\/sesion-psicoterapia-apoyo-duelo-grupal\/","url":"https:\/\/funerariaconceptochile.cl\/product\/sesion-psicoterapia-apoyo-duelo-grupal\/","name":"sesion psicoterapia apoyo duelo grupal - Funeraria Concepto","isPartOf":{"@id":"https:\/\/funerariaconceptochile.cl\/#website"},"primaryImageOfPage":{"@id":"https:\/\/funerariaconceptochile.cl\/product\/sesion-psicoterapia-apoyo-duelo-grupal\/#primaryimage"},"image":{"@id":"https:\/\/funerariaconceptochile.cl\/product\/sesion-psicoterapia-apoyo-duelo-grupal\/#primaryimage"},"thumbnailUrl":"https:\/\/funerariaconceptochile.cl\/wp-content\/uploads\/2025\/07\/276.png","datePublished":"2025-07-10T17:42:19+00:00","dateModified":"2025-07-24T21:00:23+00:00","breadcrumb":{"@id":"https:\/\/funerariaconceptochile.cl\/product\/sesion-psicoterapia-apoyo-duelo-grupal\/#breadcrumb"},"inLanguage":"es","potentialAction":[{"@type":"ReadAction","target":["https:\/\/funerariaconceptochile.cl\/product\/sesion-psicoterapia-apoyo-duelo-grupal\/"]}]},{"@type":"ImageObject","inLanguage":"es","@id":"https:\/\/funerariaconceptochile.cl\/product\/sesion-psicoterapia-apoyo-duelo-grupal\/#primaryimage","url":"https:\/\/funerariaconceptochile.cl\/wp-content\/uploads\/2025\/07\/276.png","contentUrl":"https:\/\/funerariaconceptochile.cl\/wp-content\/uploads\/2025\/07\/276.png","width":851,"height":851},{"@type":"BreadcrumbList","@id":"https:\/\/funerariaconceptochile.cl\/product\/sesion-psicoterapia-apoyo-duelo-grupal\/#breadcrumb","itemListElement":[{"@type":"ListItem","position":1,"name":"Portada","item":"https:\/\/funerariaconceptochile.cl\/"},{"@type":"ListItem","position":2,"name":"Accesorios","item":"https:\/\/funerariaconceptochile.cl\/shop\/"},{"@type":"ListItem","position":3,"name":"sesion psicoterapia apoyo duelo grupal"}]},{"@type":"WebSite","@id":"https:\/\/funerariaconceptochile.cl\/#website","url":"https:\/\/funerariaconceptochile.cl\/","name":"Funeraria Concepto","description":"","potentialAction":[{"@type":"SearchAction","target":{"@type":"EntryPoint","urlTemplate":"https:\/\/funerariaconceptochile.cl\/?s={search_term_string}"},"query-input":{"@type":"PropertyValueSpecification","valueRequired":true,"valueName":"search_term_string"}}],"inLanguage":"es"}]}},"_links":{"self":[{"href":"https:\/\/funerariaconceptochile.cl\/es\/wp-json\/wp\/v2\/product\/10707","targetHints":{"allow":["GET"]}}],"collection":[{"href":"https:\/\/funerariaconceptochile.cl\/es\/wp-json\/wp\/v2\/product"}],"about":[{"href":"https:\/\/funerariaconceptochile.cl\/es\/wp-json\/wp\/v2\/types\/product"}],"replies":[{"embeddable":true,"href":"https:\/\/funerariaconceptochile.cl\/es\/wp-json\/wp\/v2\/comments?post=10707"}],"wp:featuredmedia":[{"embeddable":true,"href":"https:\/\/funerariaconceptochile.cl\/es\/wp-json\/wp\/v2\/media\/10698"}],"wp:attachment":[{"href":"https:\/\/funerariaconceptochile.cl\/es\/wp-json\/wp\/v2\/media?parent=10707"}],"wp:term":[{"taxonomy":"product_brand","embeddable":true,"href":"https:\/\/funerariaconceptochile.cl\/es\/wp-json\/wp\/v2\/product_brand?post=10707"},{"taxonomy":"product_cat","embeddable":true,"href":"https:\/\/funerariaconceptochile.cl\/es\/wp-json\/wp\/v2\/product_cat?post=10707"},{"taxonomy":"product_tag","embeddable":true,"href":"https:\/\/funerariaconceptochile.cl\/es\/wp-json\/wp\/v2\/product_tag?post=10707"}],"curies":[{"name":"wp","href":"https:\/\/api.w.org\/{rel}","templated":true}]}}

<p>brindar apoyo psicológico profesional a las personas y familias que atraviesan procesos de duelo, a través de sesiones de acompañamiento online y espacios grupales •Atención especializada en duelo, entregada por profesionales con experiencia.<br />
 •Modalidad online para mayor accesibilidad y comodidad de las personas atendidas.<br />
 •Incorporación de espacios grupales que favorecen la contención colectiva.</p>

<p>brindar apoyo psicológico profesional a las personas y familias que atraviesan procesos de duelo, a través de sesiones de acompañamiento</p>

<!-- This site is optimized with the Yoast SEO plugin v27.4 - https://yoast.com/product/yoast-seo-wordpress/ -->
<title>sesion psicoterapia apoyo duelo grupal - Funeraria Concepto</title>
<meta name="robots" content="index, follow, max-snippet:-1, max-image-preview:large, max-video-preview:-1" />
<link rel="canonical" href="https://funerariaconceptochile.cl/es/product/sesion-psicoterapia-apoyo-duelo-grupal/" />
<meta property="og:locale" content="es_ES" />
<meta property="og:type" content="article" />
<meta property="og:title" content="sesion psicoterapia apoyo duelo grupal - Funeraria Concepto" />
<meta property="og:description" content="brindar apoyo psicológico profesional a las personas y familias que atraviesan procesos de duelo, a través de sesiones de acompañamiento" />
<meta property="og:url" content="https://funerariaconceptochile.cl/es/product/sesion-psicoterapia-apoyo-duelo-grupal/" />
<meta property="og:site_name" content="Funeraria Concepto" />
<meta property="article:modified_time" content="2025-07-24T21:00:23+00:00" />
<meta property="og:image" content="https://funerariaconceptochile.cl/wp-content/uploads/2025/07/276.png" />
	<meta property="og:image:width" content="851" />
	<meta property="og:image:height" content="851" />
	<meta property="og:image:type" content="image/png" />
<meta name="twitter:card" content="summary_large_image" />
<script type="application/ld+json" class="yoast-schema-graph">{"@context":"https:\/\/schema.org","@graph":[{"@type":"WebPage","@id":"https:\/\/funerariaconceptochile.cl\/product\/sesion-psicoterapia-apoyo-duelo-grupal\/","url":"https:\/\/funerariaconceptochile.cl\/product\/sesion-psicoterapia-apoyo-duelo-grupal\/","name":"sesion psicoterapia apoyo duelo grupal - Funeraria Concepto","isPartOf":{"@id":"https:\/\/funerariaconceptochile.cl\/#website"},"primaryImageOfPage":{"@id":"https:\/\/funerariaconceptochile.cl\/product\/sesion-psicoterapia-apoyo-duelo-grupal\/#primaryimage"},"image":{"@id":"https:\/\/funerariaconceptochile.cl\/product\/sesion-psicoterapia-apoyo-duelo-grupal\/#primaryimage"},"thumbnailUrl":"https:\/\/funerariaconceptochile.cl\/wp-content\/uploads\/2025\/07\/276.png","datePublished":"2025-07-10T17:42:19+00:00","dateModified":"2025-07-24T21:00:23+00:00","breadcrumb":{"@id":"https:\/\/funerariaconceptochile.cl\/product\/sesion-psicoterapia-apoyo-duelo-grupal\/#breadcrumb"},"inLanguage":"es","potentialAction":[{"@type":"ReadAction","target":["https:\/\/funerariaconceptochile.cl\/product\/sesion-psicoterapia-apoyo-duelo-grupal\/"]}]},{"@type":"ImageObject","inLanguage":"es","@id":"https:\/\/funerariaconceptochile.cl\/product\/sesion-psicoterapia-apoyo-duelo-grupal\/#primaryimage","url":"https:\/\/funerariaconceptochile.cl\/wp-content\/uploads\/2025\/07\/276.png","contentUrl":"https:\/\/funerariaconceptochile.cl\/wp-content\/uploads\/2025\/07\/276.png","width":851,"height":851},{"@type":"BreadcrumbList","@id":"https:\/\/funerariaconceptochile.cl\/product\/sesion-psicoterapia-apoyo-duelo-grupal\/#breadcrumb","itemListElement":[{"@type":"ListItem","position":1,"name":"Portada","item":"https:\/\/funerariaconceptochile.cl\/"},{"@type":"ListItem","position":2,"name":"Accesorios","item":"https:\/\/funerariaconceptochile.cl\/shop\/"},{"@type":"ListItem","position":3,"name":"sesion psicoterapia apoyo duelo grupal"}]},{"@type":"WebSite","@id":"https:\/\/funerariaconceptochile.cl\/#website","url":"https:\/\/funerariaconceptochile.cl\/","name":"Funeraria Concepto","description":"","potentialAction":[{"@type":"SearchAction","target":{"@type":"EntryPoint","urlTemplate":"https:\/\/funerariaconceptochile.cl\/?s={search_term_string}"},"query-input":{"@type":"PropertyValueSpecification","valueRequired":true,"valueName":"search_term_string"}}],"inLanguage":"es"}]}</script>
<!-- / Yoast SEO plugin. -->

brindar apoyo psicológico profesional a las personas y familias que atraviesan procesos de duelo, a través de sesiones de acompañamiento
