{"id":10630,"date":"2025-06-23T09:42:35","date_gmt":"2025-06-23T13:42:35","guid":{"rendered":"https:\/\/funerariaconceptochile.cl\/?post_type=product&#038;p=10630"},"modified":"2025-08-11T12:45:56","modified_gmt":"2025-08-11T16:45:56","slug":"placa-acero-inoxidable-30x30-cm-grabado","status":"publish","type":"product","link":"https:\/\/funerariaconceptochile.cl\/es\/product\/placa-acero-inoxidable-30x30-cm-grabado\/","title":{"rendered":"Placa acero inoxidable 30&#215;30 cm grabado"},"content":{"rendered":"<p>Accesorio embellecedor para sepultura de cementerio, placa acero inoxidable 30&#215;30 cm, grabado laser bajo relieve, dimensi\u00f3n 30&#215;30 cm, tiempo de dise\u00f1o, fabricaci\u00f3n y despacho 10 d\u00edas despu\u00e9s de realizada su compra, dise\u00f1o personalizado de acuerdo a indicaciones de cliente, incluye nombre de familiar, fecha de nacimiento, fecha de defunci\u00f3n, mensaje dedicatoria y fotograf\u00eda o imagen de paloma o cristo, principales usos cementerio, parque cementerio, embellecimiento de sepulturas, b\u00f3vedas, nichos, decoraci\u00f3n de iglesias y centros religiosos<\/p>","protected":false},"excerpt":{"rendered":"<p>Accesorio embellecedor para sepultura de cementerio, placa acero inoxidable 30&#215;30 cm, grabado laser bajo relieve, dimensi\u00f3n 30&#215;30 cm, tiempo de<\/p>","protected":false},"featured_media":0,"comment_status":"open","ping_status":"closed","template":"","meta":[],"product_brand":[],"product_cat":[73],"product_tag":[],"class_list":{"0":"post-10630","1":"product","2":"type-product","3":"status-publish","5":"product_cat-accesorios-funerarios","7":"first","8":"instock","9":"shipping-taxable","10":"purchasable","11":"product-type-simple"},"yoast_head":"<!-- This site is optimized with the Yoast SEO plugin v27.5 - https:\/\/yoast.com\/product\/yoast-seo-wordpress\/ -->\n<title>Placa acero inoxidable 30x30 cm grabado - Funeraria Concepto<\/title>\n<meta name=\"robots\" content=\"index, follow, max-snippet:-1, max-image-preview:large, max-video-preview:-1\" \/>\n<link rel=\"canonical\" href=\"https:\/\/funerariaconceptochile.cl\/es\/product\/placa-acero-inoxidable-30x30-cm-grabado\/\" \/>\n<meta property=\"og:locale\" content=\"es_ES\" \/>\n<meta property=\"og:type\" content=\"article\" \/>\n<meta property=\"og:title\" content=\"Placa acero inoxidable 30x30 cm grabado - Funeraria Concepto\" \/>\n<meta property=\"og:description\" content=\"Accesorio embellecedor para sepultura de cementerio, placa acero inoxidable 30&#215;30 cm, grabado laser bajo relieve, dimensi\u00f3n 30&#215;30 cm, tiempo de\" \/>\n<meta property=\"og:url\" content=\"https:\/\/funerariaconceptochile.cl\/es\/product\/placa-acero-inoxidable-30x30-cm-grabado\/\" \/>\n<meta property=\"og:site_name\" content=\"Funeraria Concepto\" \/>\n<meta property=\"article:modified_time\" content=\"2025-08-11T16:45:56+00:00\" \/>\n<meta name=\"twitter:card\" content=\"summary_large_image\" \/>\n<meta name=\"twitter:label1\" content=\"Tiempo de lectura\" \/>\n\t<meta name=\"twitter:data1\" content=\"1 minuto\" \/>\n<script type=\"application\/ld+json\" class=\"yoast-schema-graph\">{\"@context\":\"https:\\\/\\\/schema.org\",\"@graph\":[{\"@type\":\"WebPage\",\"@id\":\"https:\\\/\\\/funerariaconceptochile.cl\\\/product\\\/placa-acero-inoxidable-30x30-cm-grabado\\\/\",\"url\":\"https:\\\/\\\/funerariaconceptochile.cl\\\/product\\\/placa-acero-inoxidable-30x30-cm-grabado\\\/\",\"name\":\"Placa acero inoxidable 30x30 cm grabado - Funeraria Concepto\",\"isPartOf\":{\"@id\":\"https:\\\/\\\/funerariaconceptochile.cl\\\/#website\"},\"datePublished\":\"2025-06-23T13:42:35+00:00\",\"dateModified\":\"2025-08-11T16:45:56+00:00\",\"breadcrumb\":{\"@id\":\"https:\\\/\\\/funerariaconceptochile.cl\\\/product\\\/placa-acero-inoxidable-30x30-cm-grabado\\\/#breadcrumb\"},\"inLanguage\":\"es\",\"potentialAction\":[{\"@type\":\"ReadAction\",\"target\":[\"https:\\\/\\\/funerariaconceptochile.cl\\\/product\\\/placa-acero-inoxidable-30x30-cm-grabado\\\/\"]}]},{\"@type\":\"BreadcrumbList\",\"@id\":\"https:\\\/\\\/funerariaconceptochile.cl\\\/product\\\/placa-acero-inoxidable-30x30-cm-grabado\\\/#breadcrumb\",\"itemListElement\":[{\"@type\":\"ListItem\",\"position\":1,\"name\":\"Portada\",\"item\":\"https:\\\/\\\/funerariaconceptochile.cl\\\/\"},{\"@type\":\"ListItem\",\"position\":2,\"name\":\"Accesorios\",\"item\":\"https:\\\/\\\/funerariaconceptochile.cl\\\/shop\\\/\"},{\"@type\":\"ListItem\",\"position\":3,\"name\":\"Placa acero inoxidable 30&#215;30 cm grabado\"}]},{\"@type\":\"WebSite\",\"@id\":\"https:\\\/\\\/funerariaconceptochile.cl\\\/#website\",\"url\":\"https:\\\/\\\/funerariaconceptochile.cl\\\/\",\"name\":\"Funeraria Concepto\",\"description\":\"\",\"potentialAction\":[{\"@type\":\"SearchAction\",\"target\":{\"@type\":\"EntryPoint\",\"urlTemplate\":\"https:\\\/\\\/funerariaconceptochile.cl\\\/?s={search_term_string}\"},\"query-input\":{\"@type\":\"PropertyValueSpecification\",\"valueRequired\":true,\"valueName\":\"search_term_string\"}}],\"inLanguage\":\"es\"}]}<\/script>\n<!-- \/ Yoast SEO plugin. -->","yoast_head_json":{"title":"Placa acero inoxidable 30x30 cm grabado - Funeraria Concepto","robots":{"index":"index","follow":"follow","max-snippet":"max-snippet:-1","max-image-preview":"max-image-preview:large","max-video-preview":"max-video-preview:-1"},"canonical":"https:\/\/funerariaconceptochile.cl\/es\/product\/placa-acero-inoxidable-30x30-cm-grabado\/","og_locale":"es_ES","og_type":"article","og_title":"Placa acero inoxidable 30x30 cm grabado - Funeraria Concepto","og_description":"Accesorio embellecedor para sepultura de cementerio, placa acero inoxidable 30&#215;30 cm, grabado laser bajo relieve, dimensi\u00f3n 30&#215;30 cm, tiempo de","og_url":"https:\/\/funerariaconceptochile.cl\/es\/product\/placa-acero-inoxidable-30x30-cm-grabado\/","og_site_name":"Funeraria Concepto","article_modified_time":"2025-08-11T16:45:56+00:00","twitter_card":"summary_large_image","twitter_misc":{"Tiempo de lectura":"1 minuto"},"schema":{"@context":"https:\/\/schema.org","@graph":[{"@type":"WebPage","@id":"https:\/\/funerariaconceptochile.cl\/product\/placa-acero-inoxidable-30x30-cm-grabado\/","url":"https:\/\/funerariaconceptochile.cl\/product\/placa-acero-inoxidable-30x30-cm-grabado\/","name":"Placa acero inoxidable 30x30 cm grabado - Funeraria Concepto","isPartOf":{"@id":"https:\/\/funerariaconceptochile.cl\/#website"},"datePublished":"2025-06-23T13:42:35+00:00","dateModified":"2025-08-11T16:45:56+00:00","breadcrumb":{"@id":"https:\/\/funerariaconceptochile.cl\/product\/placa-acero-inoxidable-30x30-cm-grabado\/#breadcrumb"},"inLanguage":"es","potentialAction":[{"@type":"ReadAction","target":["https:\/\/funerariaconceptochile.cl\/product\/placa-acero-inoxidable-30x30-cm-grabado\/"]}]},{"@type":"BreadcrumbList","@id":"https:\/\/funerariaconceptochile.cl\/product\/placa-acero-inoxidable-30x30-cm-grabado\/#breadcrumb","itemListElement":[{"@type":"ListItem","position":1,"name":"Portada","item":"https:\/\/funerariaconceptochile.cl\/"},{"@type":"ListItem","position":2,"name":"Accesorios","item":"https:\/\/funerariaconceptochile.cl\/shop\/"},{"@type":"ListItem","position":3,"name":"Placa acero inoxidable 30&#215;30 cm grabado"}]},{"@type":"WebSite","@id":"https:\/\/funerariaconceptochile.cl\/#website","url":"https:\/\/funerariaconceptochile.cl\/","name":"Funeraria Concepto","description":"","potentialAction":[{"@type":"SearchAction","target":{"@type":"EntryPoint","urlTemplate":"https:\/\/funerariaconceptochile.cl\/?s={search_term_string}"},"query-input":{"@type":"PropertyValueSpecification","valueRequired":true,"valueName":"search_term_string"}}],"inLanguage":"es"}]}},"_links":{"self":[{"href":"https:\/\/funerariaconceptochile.cl\/es\/wp-json\/wp\/v2\/product\/10630","targetHints":{"allow":["GET"]}}],"collection":[{"href":"https:\/\/funerariaconceptochile.cl\/es\/wp-json\/wp\/v2\/product"}],"about":[{"href":"https:\/\/funerariaconceptochile.cl\/es\/wp-json\/wp\/v2\/types\/product"}],"replies":[{"embeddable":true,"href":"https:\/\/funerariaconceptochile.cl\/es\/wp-json\/wp\/v2\/comments?post=10630"}],"wp:attachment":[{"href":"https:\/\/funerariaconceptochile.cl\/es\/wp-json\/wp\/v2\/media?parent=10630"}],"wp:term":[{"taxonomy":"product_brand","embeddable":true,"href":"https:\/\/funerariaconceptochile.cl\/es\/wp-json\/wp\/v2\/product_brand?post=10630"},{"taxonomy":"product_cat","embeddable":true,"href":"https:\/\/funerariaconceptochile.cl\/es\/wp-json\/wp\/v2\/product_cat?post=10630"},{"taxonomy":"product_tag","embeddable":true,"href":"https:\/\/funerariaconceptochile.cl\/es\/wp-json\/wp\/v2\/product_tag?post=10630"}],"curies":[{"name":"wp","href":"https:\/\/api.w.org\/{rel}","templated":true}]}}

<p>Accesorio embellecedor para sepultura de cementerio, placa acero inoxidable 30&#215;30 cm, grabado laser bajo relieve, dimensión 30&#215;30 cm, tiempo de diseño, fabricación y despacho 10 días después de realizada su compra, diseño personalizado de acuerdo a indicaciones de cliente, incluye nombre de familiar, fecha de nacimiento, fecha de defunción, mensaje dedicatoria y fotografía o imagen de paloma o cristo, principales usos cementerio, parque cementerio, embellecimiento de sepulturas, bóvedas, nichos, decoración de iglesias y centros religiosos</p>

<p>Accesorio embellecedor para sepultura de cementerio, placa acero inoxidable 30&#215;30 cm, grabado laser bajo relieve, dimensión 30&#215;30 cm, tiempo de</p>

<!-- This site is optimized with the Yoast SEO plugin v27.5 - https://yoast.com/product/yoast-seo-wordpress/ -->
<title>Placa acero inoxidable 30x30 cm grabado - Funeraria Concepto</title>
<meta name="robots" content="index, follow, max-snippet:-1, max-image-preview:large, max-video-preview:-1" />
<link rel="canonical" href="https://funerariaconceptochile.cl/es/product/placa-acero-inoxidable-30x30-cm-grabado/" />
<meta property="og:locale" content="es_ES" />
<meta property="og:type" content="article" />
<meta property="og:title" content="Placa acero inoxidable 30x30 cm grabado - Funeraria Concepto" />
<meta property="og:description" content="Accesorio embellecedor para sepultura de cementerio, placa acero inoxidable 30&#215;30 cm, grabado laser bajo relieve, dimensión 30&#215;30 cm, tiempo de" />
<meta property="og:url" content="https://funerariaconceptochile.cl/es/product/placa-acero-inoxidable-30x30-cm-grabado/" />
<meta property="og:site_name" content="Funeraria Concepto" />
<meta property="article:modified_time" content="2025-08-11T16:45:56+00:00" />
<meta name="twitter:card" content="summary_large_image" />
<meta name="twitter:label1" content="Tiempo de lectura" />
	<meta name="twitter:data1" content="1 minuto" />
<script type="application/ld+json" class="yoast-schema-graph">{"@context":"https:\/\/schema.org","@graph":[{"@type":"WebPage","@id":"https:\/\/funerariaconceptochile.cl\/product\/placa-acero-inoxidable-30x30-cm-grabado\/","url":"https:\/\/funerariaconceptochile.cl\/product\/placa-acero-inoxidable-30x30-cm-grabado\/","name":"Placa acero inoxidable 30x30 cm grabado - Funeraria Concepto","isPartOf":{"@id":"https:\/\/funerariaconceptochile.cl\/#website"},"datePublished":"2025-06-23T13:42:35+00:00","dateModified":"2025-08-11T16:45:56+00:00","breadcrumb":{"@id":"https:\/\/funerariaconceptochile.cl\/product\/placa-acero-inoxidable-30x30-cm-grabado\/#breadcrumb"},"inLanguage":"es","potentialAction":[{"@type":"ReadAction","target":["https:\/\/funerariaconceptochile.cl\/product\/placa-acero-inoxidable-30x30-cm-grabado\/"]}]},{"@type":"BreadcrumbList","@id":"https:\/\/funerariaconceptochile.cl\/product\/placa-acero-inoxidable-30x30-cm-grabado\/#breadcrumb","itemListElement":[{"@type":"ListItem","position":1,"name":"Portada","item":"https:\/\/funerariaconceptochile.cl\/"},{"@type":"ListItem","position":2,"name":"Accesorios","item":"https:\/\/funerariaconceptochile.cl\/shop\/"},{"@type":"ListItem","position":3,"name":"Placa acero inoxidable 30&#215;30 cm grabado"}]},{"@type":"WebSite","@id":"https:\/\/funerariaconceptochile.cl\/#website","url":"https:\/\/funerariaconceptochile.cl\/","name":"Funeraria Concepto","description":"","potentialAction":[{"@type":"SearchAction","target":{"@type":"EntryPoint","urlTemplate":"https:\/\/funerariaconceptochile.cl\/?s={search_term_string}"},"query-input":{"@type":"PropertyValueSpecification","valueRequired":true,"valueName":"search_term_string"}}],"inLanguage":"es"}]}</script>
<!-- / Yoast SEO plugin. -->

Accesorio embellecedor para sepultura de cementerio, placa acero inoxidable 30&#215;30 cm, grabado laser bajo relieve, dimensión 30&#215;30 cm, tiempo de
