{"id":10606,"date":"2025-06-17T17:05:32","date_gmt":"2025-06-17T21:05:32","guid":{"rendered":"https:\/\/funerariaconceptochile.cl\/?post_type=product&#038;p=10606"},"modified":"2025-08-11T12:47:11","modified_gmt":"2025-08-11T16:47:11","slug":"ceremonia-de-musica-en-vivo-saxofonista-funeral","status":"publish","type":"product","link":"https:\/\/funerariaconceptochile.cl\/es\/product\/ceremonia-de-musica-en-vivo-saxofonista-funeral\/","title":{"rendered":"Servicio Anexo -Ceremonia de musica en vivo saxofonista funeral"},"content":{"rendered":"<p>Estamos disponibles para acompa\u00f1ar con m\u00fasica de homenaje en el velatorio, misa o liturgia, responso, sepultura o cinerario. Cont\u00e1ctanos a funeraria concepto, tenemos distintas alternativas para que puedas rendir tributo a la vida de su ser querido. Como en este momento el tiempo es muy importante, tenemos preparadas diferentes combinaciones de instrumentos o voces y repertorio, facilitando una r\u00e1pida contrataci\u00f3n. cont\u00e1ctenos y coordine directamente con nuestro maestro de ceremonia el repertorio y detalles.<\/p>","protected":false},"excerpt":{"rendered":"<p>Estamos disponibles para acompa\u00f1ar con m\u00fasica de homenaje en el velatorio, misa o liturgia, responso, sepultura o cinerario. Cont\u00e1ctanos a<\/p>","protected":false},"featured_media":10586,"comment_status":"open","ping_status":"closed","template":"","meta":[],"product_brand":[],"product_cat":[88],"product_tag":[],"class_list":{"0":"post-10606","1":"product","2":"type-product","3":"status-publish","4":"has-post-thumbnail","6":"product_cat-ceremonia-de-musica","8":"first","9":"instock","10":"shipping-taxable","11":"purchasable","12":"product-type-simple"},"yoast_head":"<!-- This site is optimized with the Yoast SEO plugin v27.4 - https:\/\/yoast.com\/product\/yoast-seo-wordpress\/ -->\n<title>Servicio Anexo -Ceremonia de musica en vivo saxofonista funeral - Funeraria Concepto<\/title>\n<meta name=\"robots\" content=\"index, follow, max-snippet:-1, max-image-preview:large, max-video-preview:-1\" \/>\n<link rel=\"canonical\" href=\"https:\/\/funerariaconceptochile.cl\/es\/product\/ceremonia-de-musica-en-vivo-saxofonista-funeral\/\" \/>\n<meta property=\"og:locale\" content=\"es_ES\" \/>\n<meta property=\"og:type\" content=\"article\" \/>\n<meta property=\"og:title\" content=\"Servicio Anexo -Ceremonia de musica en vivo saxofonista funeral - Funeraria Concepto\" \/>\n<meta property=\"og:description\" content=\"Estamos disponibles para acompa\u00f1ar con m\u00fasica de homenaje en el velatorio, misa o liturgia, responso, sepultura o cinerario. Cont\u00e1ctanos a\" \/>\n<meta property=\"og:url\" content=\"https:\/\/funerariaconceptochile.cl\/es\/product\/ceremonia-de-musica-en-vivo-saxofonista-funeral\/\" \/>\n<meta property=\"og:site_name\" content=\"Funeraria Concepto\" \/>\n<meta property=\"article:modified_time\" content=\"2025-08-11T16:47:11+00:00\" \/>\n<meta property=\"og:image\" content=\"https:\/\/funerariaconceptochile.cl\/wp-content\/uploads\/2025\/06\/267.png\" \/>\n\t<meta property=\"og:image:width\" content=\"866\" \/>\n\t<meta property=\"og:image:height\" content=\"866\" \/>\n\t<meta property=\"og:image:type\" content=\"image\/png\" \/>\n<meta name=\"twitter:card\" content=\"summary_large_image\" \/>\n<meta name=\"twitter:label1\" content=\"Tiempo de lectura\" \/>\n\t<meta name=\"twitter:data1\" content=\"1 minuto\" \/>\n<script type=\"application\/ld+json\" class=\"yoast-schema-graph\">{\"@context\":\"https:\\\/\\\/schema.org\",\"@graph\":[{\"@type\":\"WebPage\",\"@id\":\"https:\\\/\\\/funerariaconceptochile.cl\\\/product\\\/ceremonia-de-musica-en-vivo-saxofonista-funeral\\\/\",\"url\":\"https:\\\/\\\/funerariaconceptochile.cl\\\/product\\\/ceremonia-de-musica-en-vivo-saxofonista-funeral\\\/\",\"name\":\"Servicio Anexo -Ceremonia de musica en vivo saxofonista funeral - Funeraria Concepto\",\"isPartOf\":{\"@id\":\"https:\\\/\\\/funerariaconceptochile.cl\\\/#website\"},\"primaryImageOfPage\":{\"@id\":\"https:\\\/\\\/funerariaconceptochile.cl\\\/product\\\/ceremonia-de-musica-en-vivo-saxofonista-funeral\\\/#primaryimage\"},\"image\":{\"@id\":\"https:\\\/\\\/funerariaconceptochile.cl\\\/product\\\/ceremonia-de-musica-en-vivo-saxofonista-funeral\\\/#primaryimage\"},\"thumbnailUrl\":\"https:\\\/\\\/funerariaconceptochile.cl\\\/wp-content\\\/uploads\\\/2025\\\/06\\\/267.png\",\"datePublished\":\"2025-06-17T21:05:32+00:00\",\"dateModified\":\"2025-08-11T16:47:11+00:00\",\"breadcrumb\":{\"@id\":\"https:\\\/\\\/funerariaconceptochile.cl\\\/product\\\/ceremonia-de-musica-en-vivo-saxofonista-funeral\\\/#breadcrumb\"},\"inLanguage\":\"es\",\"potentialAction\":[{\"@type\":\"ReadAction\",\"target\":[\"https:\\\/\\\/funerariaconceptochile.cl\\\/product\\\/ceremonia-de-musica-en-vivo-saxofonista-funeral\\\/\"]}]},{\"@type\":\"ImageObject\",\"inLanguage\":\"es\",\"@id\":\"https:\\\/\\\/funerariaconceptochile.cl\\\/product\\\/ceremonia-de-musica-en-vivo-saxofonista-funeral\\\/#primaryimage\",\"url\":\"https:\\\/\\\/funerariaconceptochile.cl\\\/wp-content\\\/uploads\\\/2025\\\/06\\\/267.png\",\"contentUrl\":\"https:\\\/\\\/funerariaconceptochile.cl\\\/wp-content\\\/uploads\\\/2025\\\/06\\\/267.png\",\"width\":866,\"height\":866},{\"@type\":\"BreadcrumbList\",\"@id\":\"https:\\\/\\\/funerariaconceptochile.cl\\\/product\\\/ceremonia-de-musica-en-vivo-saxofonista-funeral\\\/#breadcrumb\",\"itemListElement\":[{\"@type\":\"ListItem\",\"position\":1,\"name\":\"Portada\",\"item\":\"https:\\\/\\\/funerariaconceptochile.cl\\\/\"},{\"@type\":\"ListItem\",\"position\":2,\"name\":\"Accesorios\",\"item\":\"https:\\\/\\\/funerariaconceptochile.cl\\\/shop\\\/\"},{\"@type\":\"ListItem\",\"position\":3,\"name\":\"Servicio Anexo -Ceremonia de musica en vivo saxofonista funeral\"}]},{\"@type\":\"WebSite\",\"@id\":\"https:\\\/\\\/funerariaconceptochile.cl\\\/#website\",\"url\":\"https:\\\/\\\/funerariaconceptochile.cl\\\/\",\"name\":\"Funeraria Concepto\",\"description\":\"\",\"potentialAction\":[{\"@type\":\"SearchAction\",\"target\":{\"@type\":\"EntryPoint\",\"urlTemplate\":\"https:\\\/\\\/funerariaconceptochile.cl\\\/?s={search_term_string}\"},\"query-input\":{\"@type\":\"PropertyValueSpecification\",\"valueRequired\":true,\"valueName\":\"search_term_string\"}}],\"inLanguage\":\"es\"}]}<\/script>\n<!-- \/ Yoast SEO plugin. -->","yoast_head_json":{"title":"Servicio Anexo -Ceremonia de musica en vivo saxofonista funeral - Funeraria Concepto","robots":{"index":"index","follow":"follow","max-snippet":"max-snippet:-1","max-image-preview":"max-image-preview:large","max-video-preview":"max-video-preview:-1"},"canonical":"https:\/\/funerariaconceptochile.cl\/es\/product\/ceremonia-de-musica-en-vivo-saxofonista-funeral\/","og_locale":"es_ES","og_type":"article","og_title":"Servicio Anexo -Ceremonia de musica en vivo saxofonista funeral - Funeraria Concepto","og_description":"Estamos disponibles para acompa\u00f1ar con m\u00fasica de homenaje en el velatorio, misa o liturgia, responso, sepultura o cinerario. Cont\u00e1ctanos a","og_url":"https:\/\/funerariaconceptochile.cl\/es\/product\/ceremonia-de-musica-en-vivo-saxofonista-funeral\/","og_site_name":"Funeraria Concepto","article_modified_time":"2025-08-11T16:47:11+00:00","og_image":[{"width":866,"height":866,"url":"https:\/\/funerariaconceptochile.cl\/wp-content\/uploads\/2025\/06\/267.png","type":"image\/png"}],"twitter_card":"summary_large_image","twitter_misc":{"Tiempo de lectura":"1 minuto"},"schema":{"@context":"https:\/\/schema.org","@graph":[{"@type":"WebPage","@id":"https:\/\/funerariaconceptochile.cl\/product\/ceremonia-de-musica-en-vivo-saxofonista-funeral\/","url":"https:\/\/funerariaconceptochile.cl\/product\/ceremonia-de-musica-en-vivo-saxofonista-funeral\/","name":"Servicio Anexo -Ceremonia de musica en vivo saxofonista funeral - Funeraria Concepto","isPartOf":{"@id":"https:\/\/funerariaconceptochile.cl\/#website"},"primaryImageOfPage":{"@id":"https:\/\/funerariaconceptochile.cl\/product\/ceremonia-de-musica-en-vivo-saxofonista-funeral\/#primaryimage"},"image":{"@id":"https:\/\/funerariaconceptochile.cl\/product\/ceremonia-de-musica-en-vivo-saxofonista-funeral\/#primaryimage"},"thumbnailUrl":"https:\/\/funerariaconceptochile.cl\/wp-content\/uploads\/2025\/06\/267.png","datePublished":"2025-06-17T21:05:32+00:00","dateModified":"2025-08-11T16:47:11+00:00","breadcrumb":{"@id":"https:\/\/funerariaconceptochile.cl\/product\/ceremonia-de-musica-en-vivo-saxofonista-funeral\/#breadcrumb"},"inLanguage":"es","potentialAction":[{"@type":"ReadAction","target":["https:\/\/funerariaconceptochile.cl\/product\/ceremonia-de-musica-en-vivo-saxofonista-funeral\/"]}]},{"@type":"ImageObject","inLanguage":"es","@id":"https:\/\/funerariaconceptochile.cl\/product\/ceremonia-de-musica-en-vivo-saxofonista-funeral\/#primaryimage","url":"https:\/\/funerariaconceptochile.cl\/wp-content\/uploads\/2025\/06\/267.png","contentUrl":"https:\/\/funerariaconceptochile.cl\/wp-content\/uploads\/2025\/06\/267.png","width":866,"height":866},{"@type":"BreadcrumbList","@id":"https:\/\/funerariaconceptochile.cl\/product\/ceremonia-de-musica-en-vivo-saxofonista-funeral\/#breadcrumb","itemListElement":[{"@type":"ListItem","position":1,"name":"Portada","item":"https:\/\/funerariaconceptochile.cl\/"},{"@type":"ListItem","position":2,"name":"Accesorios","item":"https:\/\/funerariaconceptochile.cl\/shop\/"},{"@type":"ListItem","position":3,"name":"Servicio Anexo -Ceremonia de musica en vivo saxofonista funeral"}]},{"@type":"WebSite","@id":"https:\/\/funerariaconceptochile.cl\/#website","url":"https:\/\/funerariaconceptochile.cl\/","name":"Funeraria Concepto","description":"","potentialAction":[{"@type":"SearchAction","target":{"@type":"EntryPoint","urlTemplate":"https:\/\/funerariaconceptochile.cl\/?s={search_term_string}"},"query-input":{"@type":"PropertyValueSpecification","valueRequired":true,"valueName":"search_term_string"}}],"inLanguage":"es"}]}},"_links":{"self":[{"href":"https:\/\/funerariaconceptochile.cl\/es\/wp-json\/wp\/v2\/product\/10606","targetHints":{"allow":["GET"]}}],"collection":[{"href":"https:\/\/funerariaconceptochile.cl\/es\/wp-json\/wp\/v2\/product"}],"about":[{"href":"https:\/\/funerariaconceptochile.cl\/es\/wp-json\/wp\/v2\/types\/product"}],"replies":[{"embeddable":true,"href":"https:\/\/funerariaconceptochile.cl\/es\/wp-json\/wp\/v2\/comments?post=10606"}],"wp:featuredmedia":[{"embeddable":true,"href":"https:\/\/funerariaconceptochile.cl\/es\/wp-json\/wp\/v2\/media\/10586"}],"wp:attachment":[{"href":"https:\/\/funerariaconceptochile.cl\/es\/wp-json\/wp\/v2\/media?parent=10606"}],"wp:term":[{"taxonomy":"product_brand","embeddable":true,"href":"https:\/\/funerariaconceptochile.cl\/es\/wp-json\/wp\/v2\/product_brand?post=10606"},{"taxonomy":"product_cat","embeddable":true,"href":"https:\/\/funerariaconceptochile.cl\/es\/wp-json\/wp\/v2\/product_cat?post=10606"},{"taxonomy":"product_tag","embeddable":true,"href":"https:\/\/funerariaconceptochile.cl\/es\/wp-json\/wp\/v2\/product_tag?post=10606"}],"curies":[{"name":"wp","href":"https:\/\/api.w.org\/{rel}","templated":true}]}}

<p>Estamos disponibles para acompañar con música de homenaje en el velatorio, misa o liturgia, responso, sepultura o cinerario. Contáctanos a funeraria concepto, tenemos distintas alternativas para que puedas rendir tributo a la vida de su ser querido. Como en este momento el tiempo es muy importante, tenemos preparadas diferentes combinaciones de instrumentos o voces y repertorio, facilitando una rápida contratación. contáctenos y coordine directamente con nuestro maestro de ceremonia el repertorio y detalles.</p>

<p>Estamos disponibles para acompañar con música de homenaje en el velatorio, misa o liturgia, responso, sepultura o cinerario. Contáctanos a</p>

<!-- This site is optimized with the Yoast SEO plugin v27.4 - https://yoast.com/product/yoast-seo-wordpress/ -->
<title>Servicio Anexo -Ceremonia de musica en vivo saxofonista funeral - Funeraria Concepto</title>
<meta name="robots" content="index, follow, max-snippet:-1, max-image-preview:large, max-video-preview:-1" />
<link rel="canonical" href="https://funerariaconceptochile.cl/es/product/ceremonia-de-musica-en-vivo-saxofonista-funeral/" />
<meta property="og:locale" content="es_ES" />
<meta property="og:type" content="article" />
<meta property="og:title" content="Servicio Anexo -Ceremonia de musica en vivo saxofonista funeral - Funeraria Concepto" />
<meta property="og:description" content="Estamos disponibles para acompañar con música de homenaje en el velatorio, misa o liturgia, responso, sepultura o cinerario. Contáctanos a" />
<meta property="og:url" content="https://funerariaconceptochile.cl/es/product/ceremonia-de-musica-en-vivo-saxofonista-funeral/" />
<meta property="og:site_name" content="Funeraria Concepto" />
<meta property="article:modified_time" content="2025-08-11T16:47:11+00:00" />
<meta property="og:image" content="https://funerariaconceptochile.cl/wp-content/uploads/2025/06/267.png" />
	<meta property="og:image:width" content="866" />
	<meta property="og:image:height" content="866" />
	<meta property="og:image:type" content="image/png" />
<meta name="twitter:card" content="summary_large_image" />
<meta name="twitter:label1" content="Tiempo de lectura" />
	<meta name="twitter:data1" content="1 minuto" />
<script type="application/ld+json" class="yoast-schema-graph">{"@context":"https:\/\/schema.org","@graph":[{"@type":"WebPage","@id":"https:\/\/funerariaconceptochile.cl\/product\/ceremonia-de-musica-en-vivo-saxofonista-funeral\/","url":"https:\/\/funerariaconceptochile.cl\/product\/ceremonia-de-musica-en-vivo-saxofonista-funeral\/","name":"Servicio Anexo -Ceremonia de musica en vivo saxofonista funeral - Funeraria Concepto","isPartOf":{"@id":"https:\/\/funerariaconceptochile.cl\/#website"},"primaryImageOfPage":{"@id":"https:\/\/funerariaconceptochile.cl\/product\/ceremonia-de-musica-en-vivo-saxofonista-funeral\/#primaryimage"},"image":{"@id":"https:\/\/funerariaconceptochile.cl\/product\/ceremonia-de-musica-en-vivo-saxofonista-funeral\/#primaryimage"},"thumbnailUrl":"https:\/\/funerariaconceptochile.cl\/wp-content\/uploads\/2025\/06\/267.png","datePublished":"2025-06-17T21:05:32+00:00","dateModified":"2025-08-11T16:47:11+00:00","breadcrumb":{"@id":"https:\/\/funerariaconceptochile.cl\/product\/ceremonia-de-musica-en-vivo-saxofonista-funeral\/#breadcrumb"},"inLanguage":"es","potentialAction":[{"@type":"ReadAction","target":["https:\/\/funerariaconceptochile.cl\/product\/ceremonia-de-musica-en-vivo-saxofonista-funeral\/"]}]},{"@type":"ImageObject","inLanguage":"es","@id":"https:\/\/funerariaconceptochile.cl\/product\/ceremonia-de-musica-en-vivo-saxofonista-funeral\/#primaryimage","url":"https:\/\/funerariaconceptochile.cl\/wp-content\/uploads\/2025\/06\/267.png","contentUrl":"https:\/\/funerariaconceptochile.cl\/wp-content\/uploads\/2025\/06\/267.png","width":866,"height":866},{"@type":"BreadcrumbList","@id":"https:\/\/funerariaconceptochile.cl\/product\/ceremonia-de-musica-en-vivo-saxofonista-funeral\/#breadcrumb","itemListElement":[{"@type":"ListItem","position":1,"name":"Portada","item":"https:\/\/funerariaconceptochile.cl\/"},{"@type":"ListItem","position":2,"name":"Accesorios","item":"https:\/\/funerariaconceptochile.cl\/shop\/"},{"@type":"ListItem","position":3,"name":"Servicio Anexo -Ceremonia de musica en vivo saxofonista funeral"}]},{"@type":"WebSite","@id":"https:\/\/funerariaconceptochile.cl\/#website","url":"https:\/\/funerariaconceptochile.cl\/","name":"Funeraria Concepto","description":"","potentialAction":[{"@type":"SearchAction","target":{"@type":"EntryPoint","urlTemplate":"https:\/\/funerariaconceptochile.cl\/?s={search_term_string}"},"query-input":{"@type":"PropertyValueSpecification","valueRequired":true,"valueName":"search_term_string"}}],"inLanguage":"es"}]}</script>
<!-- / Yoast SEO plugin. -->

Estamos disponibles para acompañar con música de homenaje en el velatorio, misa o liturgia, responso, sepultura o cinerario. Contáctanos a
